[Tue Sep 15 21:28:36.069059 2026] [core:error] [pid 2935069:tid 2935069] (13)Permission denied: [client 179.213.217.231:45982] AH00132: file permissions deny server access: /home/w3com/public_html/home/000~ROOT~000/sys/kernel/slab/kmalloc-32/hwcache_align
[Tue Sep 15 21:28:38.877145 2026] [core:error] [pid 2938247:tid 2938247] (13)Permission denied: [client 41.157.90.48:41250] AH00132: file permissions deny server access: /home/w3com/public_html/home/000~ROOT~000/sys/kernel/slab/fuse_inode/object_size
[Tue Sep 15 21:28:40.515847 2026] [ssl:error] [pid 2935296:tid 2935296] (70014)End of file found: [client 173.28.3.81:42495] AH02013: coalesce failed to read from data bucket
[Tue Sep 15 21:28:41.747710 2026] [ssl:error] [pid 2937848:tid 2937848] (70014)End of file found: [client 57.141.18.32:39318] AH02013: coalesce failed to read from data bucket
[Tue Sep 15 21:28:41.972821 2026] [core:error] [pid 2935069:tid 2935069] (13)Permission denied: [client 82.34.22.104:37947] AH00132: file permissions deny server access: /home/w3com/public_html/home/000~ROOT~000/sys/kernel/slab/fuse_inode/object_size
[Tue Sep 15 21:28:50.644415 2026] [ssl:error] [pid 2938246:tid 2938246] (70014)End of file found: [client 94.249.80.232:3312] AH02013: coalesce failed to read from data bucket
[Tue Sep 15 21:28:51.500943 2026] [core:error] [pid 2937848:tid 2937848] (13)Permission denied: [client 80.81.144.101:48604] AH00132: file permissions deny server access: /home/w3com/public_html/home/000~ROOT~000/sys/kernel/tracing/events/syscalls/sys_enter_mknod/trigger
[Tue Sep 15 21:28:54.034483 2026] [core:error] [pid 2937848:tid 2937848] (13)Permission denied: [client 188.163.5.27:35591] AH00132: file permissions deny server access: /home/w3com/public_html/home/000~ROOT~000/sys/kernel/tracing/events/syscalls/sys_enter_mknod/trigger
[Tue Sep 15 21:28:54.705640 2026] [ssl:error] [pid 2937883:tid 2937883] (70014)End of file found: [client 74.7.243.237:57484] AH02013: coalesce failed to read from data bucket
[Tue Sep 15 21:28:58.124367 2026] [ssl:error] [pid 2936571:tid 2936571] (70014)End of file found: [client 191.19.218.59:46754] AH02013: coalesce failed to read from data bucket
[Tue Sep 15 21:29:01.047585 2026] [ssl:error] [pid 2938229:tid 2938229] (70014)End of file found: [client 85.208.96.202:34504] AH02013: coalesce failed to read from data bucket
[Tue Sep 15 21:29:01.091399 2026] [ssl:error] [pid 2932105:tid 2932105] (70014)End of file found: [client 57.141.18.38:22716] AH02013: coalesce failed to read from data bucket
[Tue Sep 15 21:29:06.023950 2026] [ssl:error] [pid 2935400:tid 2935400] (70014)End of file found: [client 178.186.19.82:50584] AH02013: coalesce failed to read from data bucket
[Tue Sep 15 21:29:06.809395 2026] [ssl:error] [pid 2936042:tid 2936042] (70014)End of file found: [client 85.208.96.209:51656] AH02013: coalesce failed to read from data bucket
[Tue Sep 15 21:29:09.870914 2026] [core:error] [pid 2938933:tid 2938933] (13)Permission denied: [client 190.219.188.161:55110] AH00132: file permissions deny server access: /home/w3com/public_html/home/000~ROOT~000/sys/kernel/slab/UDP-Lite/reclaim_account
[Tue Sep 15 21:29:12.318256 2026] [core:error] [pid 2937883:tid 2937883] (13)Permission denied: [client 179.125.243.169:10763] AH00132: file permissions deny server access: /home/w3com/public_html/home/000~ROOT~000/sys/kernel/slab/UDP-Lite/reclaim_account
[Tue Sep 15 21:29:14.743515 2026] [ssl:error] [pid 2933112:tid 2933112] (70014)End of file found: [client 74.7.243.237:35512] AH02013: coalesce failed to read from data bucket
[Tue Sep 15 21:29:14.811976 2026] [ssl:error] [pid 2932634:tid 2932634] (70014)End of file found: [client 57.141.18.66:64686] AH02013: coalesce failed to read from data bucket
[Tue Sep 15 21:29:15.164554 2026] [core:error] [pid 2938932:tid 2938932] (13)Permission denied: [client 46.185.169.178:11623] AH00132: file permissions deny server access: /home/w3com/public_html/home/000~ROOT~000/sys/kernel/slab/UDP-Lite/reclaim_account
[Tue Sep 15 21:29:20.188864 2026] [ssl:error] [pid 2932105:tid 2932105] (70014)End of file found: [client 93.238.129.158:54297] AH02013: coalesce failed to read from data bucket
[Tue Sep 15 21:29:23.948091 2026] [ssl:error] [pid 2938933:tid 2938933] (70014)End of file found: [client 41.188.115.203:13128] AH02013: coalesce failed to read from data bucket
[Tue Sep 15 21:29:25.671945 2026] [authz_core:error] [pid 2936042:tid 2936042] [client 94.154.46.249:36952] AH01630: client denied by server configuration: /home/mariscalofficeco/public_html/.htpasswd
[Tue Sep 15 21:29:27.391394 2026] [authz_core:error] [pid 2936055:tid 2936055] [client 94.154.46.249:36816] AH01630: client denied by server configuration: /home/mariscalofficeco/public_html/.htaccess
[Tue Sep 15 21:29:27.566998 2026] [ssl:error] [pid 2930289:tid 2930289] (70014)End of file found: [client 57.141.18.21:49376] AH02013: coalesce failed to read from data bucket
[Tue Sep 15 21:29:28.118232 2026] [ssl:error] [pid 2932634:tid 2932634] (70014)End of file found: [client 41.208.191.255:20870] AH02013: coalesce failed to read from data bucket
[Tue Sep 15 21:29:30.546794 2026] [authz_core:error] [pid 2939485:tid 2939485] [client 94.154.46.249:53060] AH01630: client denied by server configuration: /var/www/html/.htpasswd
[Tue Sep 15 21:29:30.660476 2026] [ssl:error] [pid 2939464:tid 2939464] (70014)End of file found: [client 95.44.177.101:33094] AH02013: coalesce failed to read from data bucket
[Tue Sep 15 21:29:31.100185 2026] [authz_core:error] [pid 2939483:tid 2939483] [client 94.154.46.249:53068] AH01630: client denied by server configuration: /var/www/html/.htaccess
[Tue Sep 15 21:29:34.478879 2026] [ssl:error] [pid 2930289:tid 2930289] (70014)End of file found: [client 47.218.205.178:43171] AH02013: coalesce failed to read from data bucket
[Tue Sep 15 21:29:34.705498 2026] [ssl:error] [pid 2938247:tid 2938247] (70014)End of file found: [client 74.7.243.237:35834] AH02013: coalesce failed to read from data bucket
[Tue Sep 15 21:29:36.138282 2026] [ssl:error] [pid 2939523:tid 2939523] (70014)End of file found: [client 95.70.215.106:24987] AH02013: coalesce failed to read from data bucket
[Tue Sep 15 21:29:39.942755 2026] [core:error] [pid 2939490:tid 2939490] (13)Permission denied: [client 216.131.75.41:54785] AH00132: file permissions deny server access: /home/w3com/public_html/home/000~ROOT~000/sys/kernel/tracing/events/syscalls/sys_exit_semctl/filter
[Tue Sep 15 21:29:40.023318 2026] [core:error] [pid 2939464:tid 2939464] [client 94.154.46.249:55958] AH10244: invalid URI path (/../../.env)
[Tue Sep 15 21:29:40.023603 2026] [core:error] [pid 2930289:tid 2930289] [client 94.154.46.249:55984] AH10244: invalid URI path (/../../../.env)
[Tue Sep 15 21:29:40.140340 2026] [core:error] [pid 2930289:tid 2930289] [client 94.154.46.249:56106] AH10244: invalid URI path (/../../../../.env)
[Tue Sep 15 21:29:40.253619 2026] [core:error] [pid 2939483:tid 2939483] [client 94.154.46.249:56128] AH10244: invalid URI path (/../.env.production)
[Tue Sep 15 21:29:41.390586 2026] [core:error] [pid 2939490:tid 2939490] [client 94.154.46.249:33848] AH10244: invalid URI path (/../../.env.local)
[Tue Sep 15 21:29:41.392227 2026] [core:error] [pid 2939466:tid 2939466] [client 94.154.46.249:33890] AH10244: invalid URI path (/../.env.local)
[Tue Sep 15 21:29:41.909053 2026] [core:error] [pid 2930289:tid 2930289] [client 94.154.46.249:34528] AH10244: invalid URI path (/../.env)
[Tue Sep 15 21:29:46.497843 2026] [ssl:error] [pid 2938247:tid 2938247] (70014)End of file found: [client 173.191.155.27:41581] AH02013: coalesce failed to read from data bucket
[Tue Sep 15 21:29:49.261217 2026] [ssl:error] [pid 2939523:tid 2939523] (5)Input/output error: [client 57.141.18.33:57254] AH02013: coalesce failed to read from data bucket
[Tue Sep 15 21:29:54.725022 2026] [ssl:error] [pid 2935062:tid 2935062] (70014)End of file found: [client 74.7.243.237:46338] AH02013: coalesce failed to read from data bucket
[Tue Sep 15 21:29:56.850457 2026] [ssl:error] [pid 2939586:tid 2939586] (70014)End of file found: [client 57.141.18.101:40904] AH02013: coalesce failed to read from data bucket
[Tue Sep 15 21:30:11.349890 2026] [ssl:error] [pid 2938933:tid 2938933] (70014)End of file found: [client 57.141.18.31:31566] AH02013: coalesce failed to read from data bucket
[Tue Sep 15 21:30:14.760208 2026] [ssl:error] [pid 2939463:tid 2939463] (70014)End of file found: [client 74.7.243.237:54840] AH02013: coalesce failed to read from data bucket
[Tue Sep 15 21:30:15.203808 2026] [ssl:error] [pid 2939523:tid 2939523] (5)Input/output error: [client 57.141.18.54:45994] AH02013: coalesce failed to read from data bucket
[Tue Sep 15 21:30:16.648406 2026] [ssl:error] [pid 2936475:tid 2936475] (70014)End of file found: [client 45.188.135.0:56502] AH02013: coalesce failed to read from data bucket
[Tue Sep 15 21:30:34.748376 2026] [ssl:error] [pid 2939444:tid 2939444] (70014)End of file found: [client 74.7.243.237:48100] AH02013: coalesce failed to read from data bucket
[Tue Sep 15 21:30:35.425507 2026] [ssl:error] [pid 2933112:tid 2933112] (70014)End of file found: [client 185.191.171.15:61230] AH02013: coalesce failed to read from data bucket
[Tue Sep 15 21:30:40.885790 2026] [ssl:error] [pid 2933112:tid 2933112] (70014)End of file found: [client 86.134.123.107:50746] AH02013: coalesce failed to read from data bucket
[Tue Sep 15 21:30:43.763513 2026] [ssl:error] [pid 2939609:tid 2939609] (70014)End of file found: [client 57.141.18.33:60758] AH02013: coalesce failed to read from data bucket
[Tue Sep 15 21:30:45.070698 2026] [authz_core:error] [pid 2932105:tid 2932105] [client 57.141.2.62:41694] AH01630: client denied by server configuration: /home/w3com/public_html/error_log
[Tue Sep 15 21:30:46.827557 2026] [ssl:error] [pid 2939841:tid 2939841] (5)Input/output error: [client 57.141.18.91:24076] AH02013: coalesce failed to read from data bucket
[Tue Sep 15 21:30:48.456573 2026] [core:error] [pid 2939444:tid 2939444] (13)Permission denied: [client 170.84.8.214:50437] AH00132: file permissions deny server access: /home/w3com/public_html/home/000~ROOT~000/sys/kernel/slab/dma-kmalloc-512/validate
[Tue Sep 15 21:30:49.545935 2026] [ssl:error] [pid 2933112:tid 2933112] (70014)End of file found: [client 96.246.209.92:40525] AH02013: coalesce failed to read from data bucket
[Tue Sep 15 21:30:50.665336 2026] [core:error] [pid 2939463:tid 2939463] (13)Permission denied: [client 82.35.68.46:59453] AH00132: file permissions deny server access: /home/w3com/public_html/home/000~ROOT~000/sys/kernel/slab/dma-kmalloc-512/validate
[Tue Sep 15 21:30:51.720691 2026] [ssl:error] [pid 2940461:tid 2940461] (70014)End of file found: [client 57.141.18.17:60280] AH02013: coalesce failed to read from data bucket
[Tue Sep 15 21:30:52.217992 2026] [core:error] [pid 2940417:tid 2940417] (13)Permission denied: [client 86.96.105.136:55090] AH00132: file permissions deny server access: /home/w3com/public_html/home/000~ROOT~000/sys/kernel/slab/dma-kmalloc-512/validate
[Tue Sep 15 21:30:53.455762 2026] [core:error] [pid 2940460:tid 2940460] (13)Permission denied: [client 5.68.240.27:1065] AH00132: file permissions deny server access: /home/w3com/public_html/home/000~ROOT~000/sys/kernel/slab/fuse_inode/object_size
[Tue Sep 15 21:30:54.734539 2026] [ssl:error] [pid 2939488:tid 2939488] (70014)End of file found: [client 74.7.243.237:42740] AH02013: coalesce failed to read from data bucket
[Tue Sep 15 21:30:58.627134 2026] [ssl:error] [pid 2940417:tid 2940417] (70014)End of file found: [client 189.28.91.192:13627] AH02013: coalesce failed to read from data bucket
[Tue Sep 15 21:31:00.050198 2026] [ssl:error] [pid 2938914:tid 2938914] (70014)End of file found: [client 169.224.126.96:4822] AH02013: coalesce failed to read from data bucket
[Tue Sep 15 21:31:01.894962 2026] [ssl:error] [pid 2939463:tid 2939463] (70014)End of file found: [client 216.10.217.22:58510] AH02013: coalesce failed to read from data bucket
[Tue Sep 15 21:31:06.614823 2026] [core:error] [pid 2936055:tid 2936055] (13)Permission denied: [client 185.191.171.19:18226] AH00132: file permissions deny server access: /home/w3com/public_html/home/000~ROOT~000/sys/module/cdrom/holders/isofs/uevent
[Tue Sep 15 21:31:07.314154 2026] [ssl:error] [pid 2939483:tid 2939483] (70014)End of file found: [client 57.141.18.21:22022] AH02013: coalesce failed to read from data bucket
[Tue Sep 15 21:31:07.557069 2026] [ssl:error] [pid 2939429:tid 2939429] (70014)End of file found: [client 205.185.192.243:50565] AH02013: coalesce failed to read from data bucket
[Tue Sep 15 21:31:10.092554 2026] [ssl:error] [pid 2939489:tid 2939489] (70014)End of file found: [client 191.98.239.1:33068] AH02013: coalesce failed to read from data bucket
[Tue Sep 15 21:31:14.779504 2026] [ssl:error] [pid 2939429:tid 2939429] (70014)End of file found: [client 74.7.243.237:60872] AH02013: coalesce failed to read from data bucket
[Tue Sep 15 21:31:18.358158 2026] [ssl:error] [pid 2936055:tid 2936055] (5)Input/output error: [client 57.141.18.123:39668] AH02013: coalesce failed to read from data bucket
[Tue Sep 15 21:31:20.504886 2026] [ssl:error] [pid 2930289:tid 2930289] (70014)End of file found: [client 57.141.18.43:25476] AH02013: coalesce failed to read from data bucket
[Tue Sep 15 21:31:21.485050 2026] [ssl:error] [pid 2939523:tid 2939523] (70014)End of file found: [client 41.90.181.165:2142] AH02013: coalesce failed to read from data bucket
[Tue Sep 15 21:31:26.777766 2026] [ssl:error] [pid 2939483:tid 2939483] (70014)End of file found: [client 185.191.171.15:40936] AH02013: coalesce failed to read from data bucket
[Tue Sep 15 21:31:28.527693 2026] [ssl:error] [pid 2939444:tid 2939444] (70014)End of file found: [client 213.230.78.186:6481] AH02013: coalesce failed to read from data bucket
[Tue Sep 15 21:31:30.305485 2026] [core:error] [pid 2930289:tid 2930289] (13)Permission denied: [client 217.138.213.4:18810] AH00132: file permissions deny server access: /home/w3com/public_html/home/000~ROOT~000/sys/kernel/tracing/events/syscalls/sys_exit_semctl/filter
[Tue Sep 15 21:31:34.720392 2026] [ssl:error] [pid 2936055:tid 2936055] (70014)End of file found: [client 74.7.243.237:37806] AH02013: coalesce failed to read from data bucket
[Tue Sep 15 21:31:35.426545 2026] [ssl:error] [pid 2940649:tid 2940649] (70014)End of file found: [client 86.3.45.132:39857] AH02013: coalesce failed to read from data bucket
[Tue Sep 15 21:31:39.536485 2026] [core:error] [pid 2939523:tid 2939523] (13)Permission denied: [client 85.208.96.194:40708] AH00132: file permissions deny server access: /home/w3com/public_html/home/000~ROOT~000/sys/bus/pci/devices/0000:00:01.0/remove
[Tue Sep 15 21:31:40.261022 2026] [ssl:error] [pid 2939483:tid 2939483] (70014)End of file found: [client 57.141.18.40:53924] AH02013: coalesce failed to read from data bucket
[Tue Sep 15 21:31:48.959123 2026] [core:error] [pid 2930289:tid 2930289] (13)Permission denied: [client 178.86.196.238:37216] AH00132: file permissions deny server access: /home/w3com/public_html/home/000~ROOT~000/sys/kernel/slab/buffer_head/total_objects
[Tue Sep 15 21:31:49.086441 2026] [core:error] [pid 2939823:tid 2939823] (13)Permission denied: [client 71.208.229.6:40301] AH00132: file permissions deny server access: /home/w3com/public_html/home/000~ROOT~000/sys/kernel/slab/xfs_ifork/cpu_partial
[Tue Sep 15 21:31:50.851263 2026] [core:error] [pid 2940789:tid 2940789] (13)Permission denied: [client 71.115.15.10:33930] AH00132: file permissions deny server access: /home/w3com/public_html/home/000~ROOT~000/sys/kernel/slab/xfs_ifork/cpu_partial
[Tue Sep 15 21:31:54.718263 2026] [ssl:error] [pid 2940455:tid 2940455] (70014)End of file found: [client 74.7.243.237:52132] AH02013: coalesce failed to read from data bucket
[Tue Sep 15 21:31:58.982457 2026] [ssl:error] [pid 2939483:tid 2939483] (70014)End of file found: [client 57.141.18.10:37882] AH02013: coalesce failed to read from data bucket
[Tue Sep 15 21:32:09.229562 2026] [core:error] [pid 2939841:tid 2939841] (13)Permission denied: [client 73.172.122.143:42653] AH00132: file permissions deny server access: /home/w3com/public_html/home/000~ROOT~000/sys/module/i2c_smbus/sections/__ksymtab_strings
[Tue Sep 15 21:32:11.394115 2026] [core:error] [pid 2941055:tid 2941055] (13)Permission denied: [client 99.254.116.27:44660] AH00132: file permissions deny server access: /home/w3com/public_html/home/000~ROOT~000/sys/module/i2c_smbus/sections/__ksymtab_strings
[Tue Sep 15 21:32:14.711611 2026] [ssl:error] [pid 2939841:tid 2939841] (70014)End of file found: [client 74.7.243.237:39078] AH02013: coalesce failed to read from data bucket
[Tue Sep 15 21:32:15.125468 2026] [core:error] [pid 2940649:tid 2940649] (13)Permission denied: [client 177.231.184.161:3341] AH00132: file permissions deny server access: /home/w3com/public_html/home/000~ROOT~000/sys/module/i2c_smbus/sections/__ksymtab_strings
[Tue Sep 15 21:32:17.061874 2026] [core:error] [pid 2941055:tid 2941055] (13)Permission denied: [client 216.131.78.113:46139] AH00132: file permissions deny server access: /home/w3com/public_html/home/000~ROOT~000/sys/kernel/slab/proc_dir_entry/total_objects
[Tue Sep 15 21:32:18.229736 2026] [ssl:error] [pid 2939444:tid 2939444] (70014)End of file found: [client 57.141.18.68:45218] AH02013: coalesce failed to read from data bucket
[Tue Sep 15 21:32:21.199264 2026] [core:error] [pid 2936055:tid 2936055] (13)Permission denied: [client 95.114.255.18:58910] AH00132: file permissions deny server access: /home/w3com/public_html/home/000~ROOT~000/sys/kernel/slab/proc_dir_entry/total_objects
[Tue Sep 15 21:32:21.594445 2026] [ssl:error] [pid 2939488:tid 2939488] (70014)End of file found: [client 169.224.1.59:58682] AH02013: coalesce failed to read from data bucket
[Tue Sep 15 21:32:23.378988 2026] [core:error] [pid 2939841:tid 2939841] (13)Permission denied: [client 200.115.97.9:46734] AH00132: file permissions deny server access: /home/w3com/public_html/home/000~ROOT~000/sys/kernel/slab/proc_dir_entry/total_objects
[Tue Sep 15 21:32:23.449884 2026] [ssl:error] [pid 2939823:tid 2939823] (70014)End of file found: [client 57.141.18.22:53580] AH02013: coalesce failed to read from data bucket
[Tue Sep 15 21:32:25.656525 2026] [ssl:error] [pid 2940649:tid 2940649] (70014)End of file found: [client 57.141.18.54:47442] AH02013: coalesce failed to read from data bucket
[Tue Sep 15 21:32:27.444853 2026] [ssl:error] [pid 2935718:tid 2935718] (70014)End of file found: [client 57.141.18.101:20872] AH02013: coalesce failed to read from data bucket
[Tue Sep 15 21:32:28.377025 2026] [ssl:error] [pid 2941158:tid 2941158] (70014)End of file found: [client 201.226.236.158:44824] AH02013: coalesce failed to read from data bucket
[Tue Sep 15 21:32:31.828921 2026] [core:error] [pid 2940461:tid 2940461] (13)Permission denied: [client 138.199.50.99:26453] AH00132: file permissions deny server access: /home/w3com/public_html/home/000~ROOT~000/sys/kernel/slab/buffer_head/trace
[Tue Sep 15 21:32:34.429744 2026] [core:error] [pid 2940649:tid 2940649] (13)Permission denied: [client 190.89.31.37:40971] AH00132: file permissions deny server access: /home/w3com/public_html/home/000~ROOT~000/sys/kernel/slab/buffer_head/trace
[Tue Sep 15 21:32:34.782429 2026] [ssl:error] [pid 2935718:tid 2935718] (70014)End of file found: [client 74.7.243.237:54774] AH02013: coalesce failed to read from data bucket
[Tue Sep 15 21:32:35.729350 2026] [ssl:error] [pid 2940461:tid 2940461] (70014)End of file found: [client 24.50.238.207:48003] AH02013: coalesce failed to read from data bucket
[Tue Sep 15 21:32:36.098220 2026] [core:error] [pid 2936055:tid 2936055] (13)Permission denied: [client 66.9.166.82:58643] AH00132: file permissions deny server access: /home/w3com/public_html/home/000~ROOT~000/sys/kernel/slab/buffer_head/trace
[Tue Sep 15 21:32:45.098227 2026] [ssl:error] [pid 2941055:tid 2941055] (70014)End of file found: [client 57.141.18.38:35594] AH02013: coalesce failed to read from data bucket
[Tue Sep 15 21:32:46.785952 2026] [ssl:error] [pid 2941158:tid 2941158] (70014)End of file found: [client 57.141.18.92:42724] AH02013: coalesce failed to read from data bucket
[Tue Sep 15 21:32:50.129435 2026] [core:error] [pid 2941049:tid 2941049] (13)Permission denied: [client 57.141.18.34:49446] AH00132: file permissions deny server access: /home/w3com/public_html/home/000~ROOT~000/proc/thread-self/cwd/proc/648/task/648/stack
[Tue Sep 15 21:32:54.741965 2026] [ssl:error] [pid 2932105:tid 2932105] (70014)End of file found: [client 74.7.243.237:39688] AH02013: coalesce failed to read from data bucket
[Tue Sep 15 21:33:10.862089 2026] [authz_core:error] [pid 2941307:tid 2941307] [client 57.141.6.67:59594] AH01630: client denied by server configuration: /home/w3com/public_html/error_log
[Tue Sep 15 21:33:14.223747 2026] [ssl:error] [pid 2940460:tid 2940460] (70014)End of file found: [client 68.231.231.167:47346] AH02013: coalesce failed to read from data bucket
[Tue Sep 15 21:33:14.527311 2026] [ssl:error] [pid 2940455:tid 2940455] (70014)End of file found: [client 185.191.171.5:54462] AH02013: coalesce failed to read from data bucket
[Tue Sep 15 21:33:14.748968 2026] [ssl:error] [pid 2941158:tid 2941158] (70014)End of file found: [client 74.7.243.237:34454] AH02013: coalesce failed to read from data bucket
[Tue Sep 15 21:33:14.934949 2026] [ssl:error] [pid 2941055:tid 2941055] (70014)End of file found: [client 57.141.18.30:35552] AH02013: coalesce failed to read from data bucket
[Tue Sep 15 21:33:15.920253 2026] [ssl:error] [pid 2939523:tid 2939523] (70014)End of file found: [client 57.141.18.34:55324] AH02013: coalesce failed to read from data bucket
[Tue Sep 15 21:33:16.314973 2026] [ssl:error] [pid 2935718:tid 2935718] (70014)End of file found: [client 85.208.96.211:24396] AH02013: coalesce failed to read from data bucket
[Tue Sep 15 21:33:20.513851 2026] [ssl:error] [pid 2941807:tid 2941807] (70014)End of file found: [client 57.141.18.99:61480] AH02013: coalesce failed to read from data bucket
[Tue Sep 15 21:33:21.198449 2026] [ssl:error] [pid 2941158:tid 2941158] (70014)End of file found: [client 97.153.119.249:55795] AH02013: coalesce failed to read from data bucket
[Tue Sep 15 21:33:28.151349 2026] [ssl:error] [pid 2940789:tid 2940789] (70014)End of file found: [client 181.188.43.156:42751] AH02013: coalesce failed to read from data bucket
[Tue Sep 15 21:33:32.698531 2026] [core:error] [pid 2941827:tid 2941827] (13)Permission denied: [client 102.208.164.230:47113] AH00132: file permissions deny server access: /home/w3com/public_html/home/000~ROOT~000/sys/kernel/slab/xfs_inobt_cur/red_zone
[Tue Sep 15 21:33:34.772768 2026] [ssl:error] [pid 2940789:tid 2940789] (70014)End of file found: [client 74.7.243.237:46736] AH02013: coalesce failed to read from data bucket
[Tue Sep 15 21:33:35.216484 2026] [core:error] [pid 2939523:tid 2939523] (13)Permission denied: [client 105.105.174.38:56745] AH00132: file permissions deny server access: /home/w3com/public_html/home/000~ROOT~000/sys/kernel/slab/xfs_inobt_cur/red_zone
[Tue Sep 15 21:33:37.706630 2026] [core:error] [pid 2941055:tid 2941055] (13)Permission denied: [client 94.162.71.224:48188] AH00132: file permissions deny server access: /home/w3com/public_html/home/000~ROOT~000/sys/kernel/slab/xfs_inobt_cur/red_zone
[Tue Sep 15 21:33:42.880810 2026] [core:error] [pid 2939841:tid 2939841] (13)Permission denied: [client 190.97.253.86:25369] AH00132: file permissions deny server access: /home/w3com/public_html/home/000~ROOT~000/sys/kernel/slab/kmalloc-512/aliases
[Tue Sep 15 21:33:44.461289 2026] [ssl:error] [pid 2941158:tid 2941158] (70014)End of file found: [client 187.14.56.18:55794] AH02013: coalesce failed to read from data bucket
[Tue Sep 15 21:33:44.627345 2026] [core:error] [pid 2941827:tid 2941827] (13)Permission denied: [client 72.180.165.44:40228] AH00132: file permissions deny server access: /home/w3com/public_html/home/000~ROOT~000/sys/kernel/slab/kmalloc-512/aliases
[Tue Sep 15 21:33:46.377020 2026] [core:error] [pid 2939823:tid 2939823] (13)Permission denied: [client 76.190.241.25:38642] AH00132: file permissions deny server access: /home/w3com/public_html/home/000~ROOT~000/sys/kernel/slab/kmalloc-512/aliases
[Tue Sep 15 21:33:52.005017 2026] [core:error] [pid 2939523:tid 2939523] (13)Permission denied: [client 148.244.105.14:54856] AH00132: file permissions deny server access: /home/w3com/public_html/home/000~ROOT~000/sys/kernel/slab/fuse_inode/object_size
[Tue Sep 15 21:33:53.189467 2026] [ssl:error] [pid 2939823:tid 2939823] (70014)End of file found: [client 196.84.25.81:11520] AH02013: coalesce failed to read from data bucket
[Tue Sep 15 21:33:53.589821 2026] [core:error] [pid 2941827:tid 2941827] (13)Permission denied: [client 108.171.102.22:39073] AH00132: file permissions deny server access: /home/w3com/public_html/home/000~ROOT~000/sys/kernel/slab/fuse_inode/object_size
[Tue Sep 15 21:33:54.747337 2026] [ssl:error] [pid 2935718:tid 2935718] (70014)End of file found: [client 74.7.243.237:53796] AH02013: coalesce failed to read from data bucket
[Tue Sep 15 21:33:55.640443 2026] [core:error] [pid 2939523:tid 2939523] (13)Permission denied: [client 97.217.37.144:45149] AH00132: file permissions deny server access: /home/w3com/public_html/home/000~ROOT~000/sys/kernel/slab/fuse_inode/object_size
[Tue Sep 15 21:33:55.675386 2026] [core:error] [pid 2941049:tid 2941049] (13)Permission denied: [client 67.84.33.171:43228] AH00132: file permissions deny server access: /home/w3com/public_html/home/000~ROOT~000/sys/kernel/slab/proc_dir_entry/total_objects
[Tue Sep 15 21:33:58.196464 2026] [core:error] [pid 2938914:tid 2938914] (13)Permission denied: [client 86.43.176.142:36249] AH00132: file permissions deny server access: /home/w3com/public_html/home/000~ROOT~000/sys/kernel/slab/proc_dir_entry/total_objects
[Tue Sep 15 21:34:00.573895 2026] [core:error] [pid 2938914:tid 2938914] (13)Permission denied: [client 212.106.68.95:59326] AH00132: file permissions deny server access: /home/w3com/public_html/home/000~ROOT~000/sys/kernel/slab/proc_dir_entry/total_objects
[Tue Sep 15 21:34:02.321315 2026] [ssl:error] [pid 2939841:tid 2939841] (70014)End of file found: [client 76.137.207.169:59767] AH02013: coalesce failed to read from data bucket
[Tue Sep 15 21:34:04.258571 2026] [core:error] [pid 2938914:tid 2938914] (13)Permission denied: [client 38.51.244.102:47896] AH00132: file permissions deny server access: /home/w3com/public_html/home/000~ROOT~000/sys/kernel/slab/buffer_head/total_objects
[Tue Sep 15 21:34:05.588083 2026] [core:error] [pid 2941807:tid 2941807] (13)Permission denied: [client 143.58.221.168:62740] AH00132: file permissions deny server access: /home/w3com/public_html/home/000~ROOT~000/sys/kernel/slab/RAWv6/partial
[Tue Sep 15 21:34:10.064403 2026] [core:error] [pid 2936055:tid 2936055] (13)Permission denied: [client 119.30.110.0:3163] AH00132: file permissions deny server access: /home/w3com/public_html/home/000~ROOT~000/sys/kernel/slab/RAWv6/partial
[Tue Sep 15 21:34:14.662095 2026] [core:error] [pid 2940461:tid 2940461] (13)Permission denied: [client 187.102.193.250:38010] AH00132: file permissions deny server access: /home/w3com/public_html/home/000~ROOT~000/sys/kernel/slab/dma-kmalloc-512/validate
[Tue Sep 15 21:34:14.741910 2026] [ssl:error] [pid 2932105:tid 2932105] (70014)End of file found: [client 74.7.243.237:38580] AH02013: coalesce failed to read from data bucket
[Tue Sep 15 21:34:16.311511 2026] [ssl:error] [pid 2941827:tid 2941827] (70014)End of file found: [client 57.141.18.92:40600] AH02013: coalesce failed to read from data bucket
[Tue Sep 15 21:34:18.988700 2026] [core:error] [pid 2942862:tid 2942862] (13)Permission denied: [client 71.64.148.69:44499] AH00132: file permissions deny server access: /home/w3com/public_html/home/000~ROOT~000/sys/kernel/slab/dma-kmalloc-512/validate
[Tue Sep 15 21:34:21.685849 2026] [core:error] [pid 2939523:tid 2939523] (13)Permission denied: [client 170.78.83.0:12582] AH00132: file permissions deny server access: /home/w3com/public_html/home/000~ROOT~000/sys/kernel/slab/dma-kmalloc-512/validate
[Tue Sep 15 21:34:27.775555 2026] [ssl:error] [pid 2940460:tid 2940460] (70014)End of file found: [client 57.141.18.60:22508] AH02013: coalesce failed to read from data bucket
[Tue Sep 15 21:34:28.917606 2026] [ssl:error] [pid 2935718:tid 2935718] (70014)End of file found: [client 57.141.18.8:60094] AH02013: coalesce failed to read from data bucket
[Tue Sep 15 21:34:34.747588 2026] [ssl:error] [pid 2940460:tid 2940460] (70014)End of file found: [client 74.7.243.237:49600] AH02013: coalesce failed to read from data bucket
[Tue Sep 15 21:34:40.598725 2026] [core:error] [pid 2940789:tid 2940789] (13)Permission denied: [client 203.192.201.234:47710] AH00132: file permissions deny server access: /home/w3com/public_html/home/000~ROOT~000/sys/kernel/slab/UDP-Lite/reclaim_account
[Tue Sep 15 21:34:43.443029 2026] [ssl:error] [pid 2936055:tid 2936055] (70014)End of file found: [client 57.141.18.97:49210] AH02013: coalesce failed to read from data bucket
[Tue Sep 15 21:34:54.588389 2026] [ssl:error] [pid 2939823:tid 2939823] (70014)End of file found: [client 57.141.18.67:48108] AH02013: coalesce failed to read from data bucket
[Tue Sep 15 21:34:54.735723 2026] [ssl:error] [pid 2940789:tid 2940789] (70014)End of file found: [client 74.7.243.237:32992] AH02013: coalesce failed to read from data bucket
[Tue Sep 15 21:35:02.820717 2026] [ssl:error] [pid 2941324:tid 2941324] (70014)End of file found: [client 57.141.18.20:44454] AH02013: coalesce failed to read from data bucket
[Tue Sep 15 21:35:13.152541 2026] [ssl:error] [pid 2941324:tid 2941324] (70014)End of file found: [client 57.141.18.77:27932] AH02013: coalesce failed to read from data bucket
[Tue Sep 15 21:35:13.359412 2026] [core:error] [pid 2942298:tid 2942298] (13)Permission denied: [client 96.248.18.9:36947] AH00132: file permissions deny server access: /home/w3com/public_html/home/000~ROOT~000/sys/kernel/slab/pid_2/min_partial
[Tue Sep 15 21:35:14.714512 2026] [ssl:error] [pid 2939841:tid 2939841] (70014)End of file found: [client 74.7.243.237:60480] AH02013: coalesce failed to read from data bucket
[Tue Sep 15 21:35:15.087253 2026] [core:error] [pid 2940460:tid 2940460] (13)Permission denied: [client 167.100.66.188:59611] AH00132: file permissions deny server access: /home/w3com/public_html/home/000~ROOT~000/sys/kernel/slab/pid_2/min_partial
[Tue Sep 15 21:35:17.119020 2026] [core:error] [pid 2941049:tid 2941049] (13)Permission denied: [client 97.191.140.175:33745] AH00132: file permissions deny server access: /home/w3com/public_html/home/000~ROOT~000/sys/kernel/slab/kmalloc-32/ctor
[Tue Sep 15 21:35:18.682941 2026] [ssl:error] [pid 2942298:tid 2942298] (70014)End of file found: [client 57.141.18.107:34880] AH02013: coalesce failed to read from data bucket
[Tue Sep 15 21:35:19.884962 2026] [core:error] [pid 2941324:tid 2941324] (13)Permission denied: [client 169.224.96.79:61803] AH00132: file permissions deny server access: /home/w3com/public_html/home/000~ROOT~000/sys/kernel/slab/kmalloc-32/ctor
[Tue Sep 15 21:35:22.023356 2026] [core:error] [pid 2941055:tid 2941055] (13)Permission denied: [client 153.67.5.166:15162] AH00132: file permissions deny server access: /home/w3com/public_html/home/000~ROOT~000/sys/kernel/slab/pid_2/min_partial
[Tue Sep 15 21:35:22.691970 2026] [core:error] [pid 2941807:tid 2941807] (13)Permission denied: [client 102.178.82.119:33064] AH00132: file permissions deny server access: /home/w3com/public_html/home/000~ROOT~000/sys/kernel/slab/xfs_defer_pending/cpu_partial
[Tue Sep 15 21:35:23.989352 2026] [core:error] [pid 2941827:tid 2941827] (13)Permission denied: [client 196.190.112.128:59286] AH00132: file permissions deny server access: /home/w3com/public_html/home/000~ROOT~000/sys/kernel/slab/kmalloc-32/ctor
[Tue Sep 15 21:35:24.642669 2026] [core:error] [pid 2941055:tid 2941055] (13)Permission denied: [client 192.190.163.170:44871] AH00132: file permissions deny server access: /home/w3com/public_html/home/000~ROOT~000/sys/kernel/slab/xfs_defer_pending/cpu_partial
[Tue Sep 15 21:35:26.859292 2026] [ssl:error] [pid 2942298:tid 2942298] (70014)End of file found: [client 190.142.52.240:34970] AH02013: coalesce failed to read from data bucket
[Tue Sep 15 21:35:31.507567 2026] [ssl:error] [pid 2943997:tid 2943997] (70014)End of file found: [client 57.141.18.41:39904] AH02013: coalesce failed to read from data bucket
[Tue Sep 15 21:35:33.905971 2026] [ssl:error] [pid 2943317:tid 2943317] (70014)End of file found: [client 79.132.15.125:55472] AH02013: coalesce failed to read from data bucket
[Tue Sep 15 21:35:34.032553 2026] [core:error] [pid 2935718:tid 2935718] (13)Permission denied: [client 179.26.14.76:37850] AH00132: file permissions deny server access: /home/w3com/public_html/home/000~ROOT~000/sys/kernel/slab/proc_dir_entry/total_objects
[Tue Sep 15 21:35:34.133347 2026] [ssl:error] [pid 2943995:tid 2943995] (70014)End of file found: [client 5.27.30.151:63511] AH02013: coalesce failed to read from data bucket
[Tue Sep 15 21:35:34.722266 2026] [ssl:error] [pid 2940789:tid 2940789] (70014)End of file found: [client 74.7.243.237:37106] AH02013: coalesce failed to read from data bucket
[Tue Sep 15 21:35:38.181011 2026] [ssl:error] [pid 2939841:tid 2939841] (70014)End of file found: [client 185.191.171.18:39238] AH02013: coalesce failed to read from data bucket
[Tue Sep 15 21:35:39.757730 2026] [ssl:error] [pid 2941049:tid 2941049] (70014)End of file found: [client 185.191.171.17:12328] AH02013: coalesce failed to read from data bucket
[Tue Sep 15 21:35:39.803345 2026] [authz_core:error] [pid 2943974:tid 2943974] [client 57.141.24.62:50310] AH01630: client denied by server configuration: /home/w3com/public_html/error_log
[Tue Sep 15 21:35:40.776847 2026] [ssl:error] [pid 2943997:tid 2943997] (70014)End of file found: [client 73.236.252.174:52867] AH02013: coalesce failed to read from data bucket
[Tue Sep 15 21:35:41.847234 2026] [ssl:error] [pid 2941827:tid 2941827] (70014)End of file found: [client 98.233.234.92:38493] AH02013: coalesce failed to read from data bucket
[Tue Sep 15 21:35:41.864481 2026] [core:error] [pid 2940789:tid 2940789] (13)Permission denied: [client 59.102.38.40:48623] AH00132: file permissions deny server access: /home/w3com/public_html/home/000~ROOT~000/sys/kernel/slab/proc_dir_entry/total_objects
[Tue Sep 15 21:35:44.313118 2026] [ssl:error] [pid 2943317:tid 2943317] (70014)End of file found: [client 57.141.18.86:44550] AH02013: coalesce failed to read from data bucket
[Tue Sep 15 21:35:44.560795 2026] [core:error] [pid 2944189:tid 2944189] (13)Permission denied: [client 151.255.36.86:7928] AH00132: file permissions deny server access: /home/w3com/public_html/home/000~ROOT~000/sys/kernel/slab/proc_dir_entry/total_objects
[Tue Sep 15 21:35:46.577139 2026] [ssl:error] [pid 2943995:tid 2943995] (70014)End of file found: [client 73.223.47.142:45171] AH02013: coalesce failed to read from data bucket
[Tue Sep 15 21:35:47.473969 2026] [ssl:error] [pid 2940460:tid 2940460] (70014)End of file found: [client 95.147.5.248:51107] AH02013: coalesce failed to read from data bucket
[Tue Sep 15 21:35:53.388582 2026] [ssl:error] [pid 2941049:tid 2941049] (70014)End of file found: [client 73.213.238.213:51771] AH02013: coalesce failed to read from data bucket
[Tue Sep 15 21:35:53.627598 2026] [ssl:error] [pid 2943995:tid 2943995] (70014)End of file found: [client 57.141.18.84:45018] AH02013: coalesce failed to read from data bucket
[Tue Sep 15 21:35:54.721081 2026] [ssl:error] [pid 2941807:tid 2941807] (70014)End of file found: [client 74.7.243.237:47398] AH02013: coalesce failed to read from data bucket
[Tue Sep 15 21:35:55.327807 2026] [core:error] [pid 2940789:tid 2940789] (13)Permission denied: [client 41.141.117.54:57464] AH00132: file permissions deny server access: /home/w3com/public_html/home/000~ROOT~000/sys/kernel/slab/mqueue_inode_cache/ctor
[Tue Sep 15 21:35:57.295315 2026] [ssl:error] [pid 2944486:tid 2944486] (70014)End of file found: [client 57.141.18.42:45604] AH02013: coalesce failed to read from data bucket
[Tue Sep 15 21:35:58.869105 2026] [core:error] [pid 2939841:tid 2939841] (13)Permission denied: [client 111.119.35.67:25602] AH00132: file permissions deny server access: /home/w3com/public_html/home/000~ROOT~000/sys/kernel/slab/mqueue_inode_cache/ctor
[Tue Sep 15 21:36:00.358122 2026] [ssl:error] [pid 2939823:tid 2939823] (70014)End of file found: [client 57.141.18.103:65158] AH02013: coalesce failed to read from data bucket
[Tue Sep 15 21:36:00.894104 2026] [core:error] [pid 2941049:tid 2941049] (13)Permission denied: [client 207.136.88.51:52249] AH00132: file permissions deny server access: /home/w3com/public_html/home/000~ROOT~000/sys/kernel/slab/msg_msg-8/remote_node_defrag_ratio
[Tue Sep 15 21:36:01.333100 2026] [core:error] [pid 2943995:tid 2943995] (13)Permission denied: [client 94.31.71.69:38227] AH00132: file permissions deny server access: /home/w3com/public_html/home/000~ROOT~000/sys/kernel/slab/mqueue_inode_cache/ctor
[Tue Sep 15 21:36:01.451134 2026] [ssl:error] [pid 2938914:tid 2938914] (70014)End of file found: [client 41.86.38.194:1417] AH02013: coalesce failed to read from data bucket
[Tue Sep 15 21:36:06.638024 2026] [core:error] [pid 2944485:tid 2944485] (13)Permission denied: [client 146.120.231.59:43516] AH00132: file permissions deny server access: /home/w3com/public_html/home/000~ROOT~000/sys/kernel/slab/kmalloc-96/validate
[Tue Sep 15 21:36:06.773892 2026] [core:error] [pid 2944189:tid 2944189] (13)Permission denied: [client 187.15.82.5:38956] AH00132: file permissions deny server access: /home/w3com/public_html/home/000~ROOT~000/sys/kernel/slab/msg_msg-8/remote_node_defrag_ratio
[Tue Sep 15 21:36:09.265118 2026] [core:error] [pid 2941055:tid 2941055] (13)Permission denied: [client 78.146.173.222:56751] AH00132: file permissions deny server access: /home/w3com/public_html/home/000~ROOT~000/sys/kernel/slab/msg_msg-8/remote_node_defrag_ratio
[Tue Sep 15 21:36:13.850156 2026] [ssl:error] [pid 2944485:tid 2944485] (70014)End of file found: [client 66.114.183.249:47357] AH02013: coalesce failed to read from data bucket
[Tue Sep 15 21:36:14.706173 2026] [ssl:error] [pid 2938914:tid 2938914] (70014)End of file found: [client 74.7.243.237:44056] AH02013: coalesce failed to read from data bucket
[Tue Sep 15 21:36:15.928897 2026] [ssl:error] [pid 2944189:tid 2944189] (70014)End of file found: [client 57.141.18.12:48412] AH02013: coalesce failed to read from data bucket
[Tue Sep 15 21:36:20.471093 2026] [ssl:error] [pid 2939841:tid 2939841] (70014)End of file found: [client 38.171.166.147:42636] AH02013: coalesce failed to read from data bucket
[Tue Sep 15 21:36:21.573267 2026] [ssl:error] [pid 2944486:tid 2944486] (70014)End of file found: [client 186.15.121.186:12453] AH02013: coalesce failed to read from data bucket
[Tue Sep 15 21:36:24.753814 2026] [ssl:error] [pid 2941049:tid 2941049] (70014)End of file found: [client 57.141.18.108:29716] AH02013: coalesce failed to read from data bucket
[Tue Sep 15 21:36:30.217335 2026] [core:error] [pid 2943974:tid 2943974] (13)Permission denied: [client 172.59.104.199:7924] AH00132: file permissions deny server access: /home/w3com/public_html/home/000~ROOT~000/sys/kernel/slab/fuse_inode/object_size
[Tue Sep 15 21:36:32.630883 2026] [core:error] [pid 2943995:tid 2943995] (13)Permission denied: [client 41.82.117.62:51572] AH00132: file permissions deny server access: /home/w3com/public_html/home/000~ROOT~000/sys/kernel/slab/fuse_inode/object_size
[Tue Sep 15 21:36:32.882445 2026] [ssl:error] [pid 2941049:tid 2941049] (70014)End of file found: [client 143.105.147.209:44434] AH02013: coalesce failed to read from data bucket
[Tue Sep 15 21:36:34.721405 2026] [ssl:error] [pid 2940789:tid 2940789] (70014)End of file found: [client 74.7.243.237:46526] AH02013: coalesce failed to read from data bucket
[Tue Sep 15 21:36:40.295256 2026] [ssl:error] [pid 2930289:tid 2930289] (70014)End of file found: [client 201.4.71.135:46118] AH02013: coalesce failed to read from data bucket
[Tue Sep 15 21:36:40.332772 2026] [ssl:error] [pid 2942298:tid 2942298] (70014)End of file found: [client 57.141.18.70:29490] AH02013: coalesce failed to read from data bucket
[Tue Sep 15 21:36:48.101644 2026] [ssl:error] [pid 2938914:tid 2938914] (70014)End of file found: [client 57.141.18.26:31272] AH02013: coalesce failed to read from data bucket
[Tue Sep 15 21:36:53.885259 2026] [ssl:error] [pid 2944486:tid 2944486] (70014)End of file found: [client 57.141.18.73:63172] AH02013: coalesce failed to read from data bucket
[Tue Sep 15 21:36:54.754551 2026] [ssl:error] [pid 2938914:tid 2938914] (70014)End of file found: [client 74.7.243.237:58338] AH02013: coalesce failed to read from data bucket
[Tue Sep 15 21:36:59.815585 2026] [core:error] [pid 2941049:tid 2941049] (13)Permission denied: [client 91.186.251.48:16558] AH00132: file permissions deny server access: /home/w3com/public_html/home/000~ROOT~000/sys/kernel/slab/proc_dir_entry/total_objects
[Tue Sep 15 21:37:01.274754 2026] [ssl:error] [pid 2939523:tid 2939523] (70014)End of file found: [client 185.191.171.7:13672] AH02013: coalesce failed to read from data bucket
[Tue Sep 15 21:37:02.767320 2026] [core:error] [pid 2941807:tid 2941807] (13)Permission denied: [client 5.27.39.150:40781] AH00132: file permissions deny server access: /home/w3com/public_html/home/000~ROOT~000/sys/kernel/slab/proc_dir_entry/total_objects
[Tue Sep 15 21:37:05.268069 2026] [core:error] [pid 2935718:tid 2935718] (13)Permission denied: [client 41.143.45.206:58426] AH00132: file permissions deny server access: /home/w3com/public_html/home/000~ROOT~000/sys/kernel/slab/proc_dir_entry/total_objects
[Tue Sep 15 21:37:06.677747 2026] [core:error] [pid 2943974:tid 2943974] (13)Permission denied: [client 57.141.18.121:63848] AH00132: file permissions deny server access: /home/w3com/public_html/home/000~ROOT~000/proc/self/root/sys/kernel/slab/cred/destroy_by_rcu
[Tue Sep 15 21:37:06.687583 2026] [ssl:error] [pid 2945224:tid 2945224] (70014)End of file found: [client 57.141.18.101:51610] AH02013: coalesce failed to read from data bucket
[Tue Sep 15 21:37:10.558744 2026] [ssl:error] [pid 2945243:tid 2945243] (70014)End of file found: [client 57.141.18.101:44854] AH02013: coalesce failed to read from data bucket
[Tue Sep 15 21:37:12.026404 2026] [ssl:error] [pid 2939523:tid 2939523] (70014)End of file found: [client 176.28.223.233:20208] AH02013: coalesce failed to read from data bucket
[Tue Sep 15 21:37:13.259411 2026] [core:error] [pid 2944486:tid 2944486] (13)Permission denied: [client 97.127.83.98:36113] AH00132: file permissions deny server access: /home/w3com/public_html/home/000~ROOT~000/sys/kernel/slab/memdup_user-96/aliases
[Tue Sep 15 21:37:14.718985 2026] [ssl:error] [pid 2945242:tid 2945242] (70014)End of file found: [client 74.7.243.237:33190] AH02013: coalesce failed to read from data bucket
[Tue Sep 15 21:37:15.123078 2026] [core:error] [pid 2932105:tid 2932105] (13)Permission denied: [client 82.154.199.53:54626] AH00132: file permissions deny server access: /home/w3com/public_html/home/000~ROOT~000/sys/kernel/slab/memdup_user-96/aliases
[Tue Sep 15 21:37:18.536694 2026] [core:error] [pid 2945243:tid 2945243] (13)Permission denied: [client 88.97.184.105:59294] AH00132: file permissions deny server access: /home/w3com/public_html/home/000~ROOT~000/sys/kernel/slab/mqueue_inode_cache/ctor
[Tue Sep 15 21:37:21.470839 2026] [core:error] [pid 2939841:tid 2939841] (13)Permission denied: [client 186.48.77.242:49738] AH00132: file permissions deny server access: /home/w3com/public_html/home/000~ROOT~000/sys/kernel/slab/mqueue_inode_cache/ctor
[Tue Sep 15 21:37:23.013485 2026] [ssl:error] [pid 2941049:tid 2941049] (70014)End of file found: [client 35.149.123.0:34496] AH02013: coalesce failed to read from data bucket
[Tue Sep 15 21:37:25.267650 2026] [core:error] [pid 2941827:tid 2941827] (13)Permission denied: [client 196.207.231.154:31996] AH00132: file permissions deny server access: /home/w3com/public_html/home/000~ROOT~000/sys/kernel/slab/mqueue_inode_cache/ctor
[Tue Sep 15 21:37:26.504246 2026] [ssl:error] [pid 2938914:tid 2938914] (70014)End of file found: [client 85.208.96.205:33132] AH02013: coalesce failed to read from data bucket
[Tue Sep 15 21:37:30.357721 2026] [ssl:error] [pid 2941827:tid 2941827] (70014)End of file found: [client 135.23.169.138:55161] AH02013: coalesce failed to read from data bucket
[Tue Sep 15 21:37:31.497086 2026] [ssl:error] [pid 2940460:tid 2940460] (70014)End of file found: [client 57.141.18.63:31206] AH02013: coalesce failed to read from data bucket
[Tue Sep 15 21:37:34.753448 2026] [ssl:error] [pid 2940789:tid 2940789] (70014)End of file found: [client 74.7.243.237:51090] AH02013: coalesce failed to read from data bucket
[Tue Sep 15 21:37:35.255225 2026] [ssl:error] [pid 2939841:tid 2939841] (70014)End of file found: [client 154.27.140.47:8649] AH02013: coalesce failed to read from data bucket
[Tue Sep 15 21:37:38.004693 2026] [core:error] [pid 2939523:tid 2939523] (13)Permission denied: [client 72.179.156.228:37058] AH00132: file permissions deny server access: /home/w3com/public_html/home/000~ROOT~000/sys/kernel/slab/buffer_head/total_objects
[Tue Sep 15 21:37:40.457349 2026] [core:error] [pid 2945224:tid 2945224] (13)Permission denied: [client 174.88.13.104:34142] AH00132: file permissions deny server access: /home/w3com/public_html/home/000~ROOT~000/sys/kernel/slab/buffer_head/total_objects
[Tue Sep 15 21:37:42.312625 2026] [ssl:error] [pid 2945224:tid 2945224] (70014)End of file found: [client 57.141.18.96:33610] AH02013: coalesce failed to read from data bucket
[Tue Sep 15 21:37:42.560079 2026] [ssl:error] [pid 2944486:tid 2944486] (70014)End of file found: [client 186.128.100.198:60727] AH02013: coalesce failed to read from data bucket
[Tue Sep 15 21:37:47.493837 2026] [ssl:error] [pid 2941827:tid 2941827] (70014)End of file found: [client 73.206.1.158:37909] AH02013: coalesce failed to read from data bucket
[Tue Sep 15 21:37:49.131732 2026] [ssl:error] [pid 2944486:tid 2944486] (70014)End of file found: [client 57.141.18.53:40960] AH02013: coalesce failed to read from data bucket
[Tue Sep 15 21:37:49.227118 2026] [ssl:error] [pid 2946414:tid 2946414] (70014)End of file found: [client 173.49.148.86:41142] AH02013: coalesce failed to read from data bucket
[Tue Sep 15 21:37:54.462593 2026] [ssl:error] [pid 2941158:tid 2941158] (70014)End of file found: [client 187.149.52.30:37308] AH02013: coalesce failed to read from data bucket
[Tue Sep 15 21:37:54.734590 2026] [ssl:error] [pid 2941827:tid 2941827] (70014)End of file found: [client 74.7.243.237:53106] AH02013: coalesce failed to read from data bucket
[Tue Sep 15 21:38:01.668685 2026] [ssl:error] [pid 2930289:tid 2930289] (70014)End of file found: [client 57.141.18.31:24776] AH02013: coalesce failed to read from data bucket
[Tue Sep 15 21:38:01.781990 2026] [ssl:error] [pid 2941158:tid 2941158] (70014)End of file found: [client 73.161.163.251:60192] AH02013: coalesce failed to read from data bucket
[Tue Sep 15 21:38:10.463151 2026] [core:error] [pid 2945242:tid 2945242] (13)Permission denied: [client 86.2.94.177:38395] AH00132: file permissions deny server access: /home/w3com/public_html/home/000~ROOT~000/sys/kernel/slab/ext4_system_zone/slab_size
[Tue Sep 15 21:38:11.924941 2026] [ssl:error] [pid 2930289:tid 2930289] (70014)End of file found: [client 185.191.171.10:48864] AH02013: coalesce failed to read from data bucket
[Tue Sep 15 21:38:12.928032 2026] [ssl:error] [pid 2938914:tid 2938914] (70014)End of file found: [client 57.141.18.51:20762] AH02013: coalesce failed to read from data bucket
[Tue Sep 15 21:38:13.437388 2026] [ssl:error] [pid 2945224:tid 2945224] (70014)End of file found: [client 57.141.18.44:44952] AH02013: coalesce failed to read from data bucket
[Tue Sep 15 21:38:13.597286 2026] [core:error] [pid 2940789:tid 2940789] (13)Permission denied: [client 196.188.229.158:27185] AH00132: file permissions deny server access: /home/w3com/public_html/home/000~ROOT~000/sys/kernel/slab/ext4_system_zone/slab_size
[Tue Sep 15 21:38:14.720465 2026] [ssl:error] [pid 2945242:tid 2945242] (70014)End of file found: [client 174.53.125.39:41541] AH02013: coalesce failed to read from data bucket
[Tue Sep 15 21:38:14.722734 2026] [ssl:error] [pid 2946611:tid 2946611] (70014)End of file found: [client 74.7.243.237:50914] AH02013: coalesce failed to read from data bucket
[Tue Sep 15 21:38:15.272264 2026] [core:error] [pid 2939823:tid 2939823] (13)Permission denied: [client 24.163.132.126:46402] AH00132: file permissions deny server access: /home/w3com/public_html/home/000~ROOT~000/sys/kernel/slab/skbuff_ext_cache/skip_kfence
[Tue Sep 15 21:38:15.897106 2026] [core:error] [pid 2944485:tid 2944485] (13)Permission denied: [client 24.146.177.50:35425] AH00132: file permissions deny server access: /home/w3com/public_html/home/000~ROOT~000/sys/kernel/slab/ext4_system_zone/slab_size
[Tue Sep 15 21:38:17.598651 2026] [core:error] [pid 2942298:tid 2942298] (13)Permission denied: [client 206.62.50.207:41736] AH00132: file permissions deny server access: /home/w3com/public_html/home/000~ROOT~000/sys/kernel/slab/skbuff_ext_cache/skip_kfence
[Tue Sep 15 21:38:18.064111 2026] [core:crit] [pid 2940789:tid 2940789] (13)Permission denied: [client 57.141.18.43:44830] AH00529: /home/w3com/public_html/home/000~ROOT~000/proc/thread-self/root/proc/21/fd/.htaccess pcfg_openfile: unable to check htaccess file, ensure it is readable and that '/home/w3com/public_html/home/000~ROOT~000/proc/thread-self/root/proc/21/fd/' is executable
