MOON
Server: Apache
System: Linux s5.yayogua.com.py 6.12.0-124.55.3.el10_1.x86_64 #1 SMP PREEMPT_DYNAMIC Thu May 7 16:54:02 EDT 2026 x86_64
User: sanbercountryclu (1012)
PHP: 8.2.33
Disabled: NONE
Upload Files
File: //proc/thread-self/root/proc/self/root/usr/local/apache/error_log
[Tue Sep 15 18:44:09.781441 2026] [ssl:warn] [pid 3184378:tid 3184378] AH01909: yayogua.com.py:443:0 server certificate does NOT include an ID which matches the server name
[Tue Sep 15 18:44:09.783442 2026] [ssl:warn] [pid 3184378:tid 3184378] AH01909: w3.com.py:443:0 server certificate does NOT include an ID which matches the server name
[Tue Sep 15 18:44:09.784545 2026] [ssl:warn] [pid 3184378:tid 3184378] AH01909: talleyrand.com.py:443:0 server certificate does NOT include an ID which matches the server name
[Tue Sep 15 18:44:09.785618 2026] [ssl:warn] [pid 3184378:tid 3184378] AH01909: sanbercountryclub.com.py:443:0 server certificate does NOT include an ID which matches the server name
[Tue Sep 15 18:44:09.787778 2026] [ssl:warn] [pid 3184378:tid 3184378] AH01909: eficon.com.py:443:0 server certificate does NOT include an ID which matches the server name
[Tue Sep 15 18:44:09.788864 2026] [ssl:warn] [pid 3184378:tid 3184378] AH01909: mariscaloffice.com.py:443:0 server certificate does NOT include an ID which matches the server name
[Tue Sep 15 18:44:09.790166 2026] [:notice] [pid 3184378:tid 3184378] mod_ruid2/0.9.8 enabled
[Tue Sep 15 18:44:09.790470 2026] [mpm_prefork:notice] [pid 3184378:tid 3184378] AH00163: Apache/2.4.68 (cPanel) OpenSSL/3.5.5 mod_bwlimited/1.4 configured -- resuming normal operations
[Tue Sep 15 18:44:09.790485 2026] [core:notice] [pid 3184378:tid 3184378] AH00094: Command line: '/usr/sbin/httpd'
[Tue Sep 15 18:44:10.984553 2026] [ssl:error] [pid 2808989:tid 2808989] (70014)End of file found: [client 217.183.166.178:49597] AH02013: coalesce failed to read from data bucket
[Tue Sep 15 18:44:15.223716 2026] [ssl:error] [pid 2809056:tid 2809056] (70014)End of file found: [client 57.141.18.101:60938] AH02013: coalesce failed to read from data bucket
[Tue Sep 15 18:44:16.423023 2026] [core:error] [pid 2809073:tid 2809073] (13)Permission denied: [client 37.111.158.248:10238] AH00132: file permissions deny server access: /home/w3com/public_html/home/000~ROOT~000/sys/devices/pci0000:00/0000:00:02.2/reset_subordinate
[Tue Sep 15 18:44:17.473904 2026] [ssl:error] [pid 2809091:tid 2809091] (70014)End of file found: [client 173.77.207.79:41438] AH02013: coalesce failed to read from data bucket
[Tue Sep 15 18:44:18.742277 2026] [core:error] [pid 2809126:tid 2809126] (13)Permission denied: [client 88.164.3.98:40556] AH00132: file permissions deny server access: /home/w3com/public_html/home/000~ROOT~000/sys/devices/pci0000:00/0000:00:02.2/reset_subordinate
[Tue Sep 15 18:44:23.013576 2026] [ssl:error] [pid 2809214:tid 2809214] (70014)End of file found: [client 74.7.243.237:34642] AH02013: coalesce failed to read from data bucket
[Tue Sep 15 18:44:24.031247 2026] [ssl:error] [pid 2809241:tid 2809241] (70014)End of file found: [client 57.141.18.14:24322] AH02013: coalesce failed to read from data bucket
[Tue Sep 15 18:44:24.311847 2026] [ssl:error] [pid 2809217:tid 2809217] (70014)End of file found: [client 104.244.225.42:8758] AH02013: coalesce failed to read from data bucket
[Tue Sep 15 18:44:33.019418 2026] [ssl:error] [pid 2809244:tid 2809244] (70014)End of file found: [client 57.141.18.64:32456] AH02013: coalesce failed to read from data bucket
[Tue Sep 15 18:44:33.063406 2026] [core:error] [pid 2809241:tid 2809241] (13)Permission denied: [client 105.112.30.216:60081] AH00132: file permissions deny server access: /home/w3com/public_html/home/000~ROOT~000/sys/kernel/slab/mqueue_inode_cache/objects
[Tue Sep 15 18:44:35.576465 2026] [ssl:error] [pid 2809073:tid 2809073] (70014)End of file found: [client 57.141.18.41:35320] AH02013: coalesce failed to read from data bucket
[Tue Sep 15 18:44:36.722992 2026] [core:error] [pid 2809243:tid 2809243] (13)Permission denied: [client 96.59.26.237:34241] AH00132: file permissions deny server access: /home/w3com/public_html/home/000~ROOT~000/sys/kernel/slab/mqueue_inode_cache/objects
[Tue Sep 15 18:44:38.652673 2026] [core:error] [pid 2809179:tid 2809179] (13)Permission denied: [client 107.202.133.245:51927] AH00132: file permissions deny server access: /home/w3com/public_html/home/000~ROOT~000/sys/kernel/slab/io_buffer/partial
[Tue Sep 15 18:44:39.389615 2026] [core:error] [pid 2809247:tid 2809247] (13)Permission denied: [client 178.80.10.253:40570] AH00132: file permissions deny server access: /home/w3com/public_html/home/000~ROOT~000/sys/kernel/slab/Acpi-Operand/reclaim_account
[Tue Sep 15 18:44:40.435089 2026] [core:error] [pid 2809008:tid 2809008] (13)Permission denied: [client 73.171.186.245:59309] AH00132: file permissions deny server access: /home/w3com/public_html/home/000~ROOT~000/sys/kernel/slab/TCPv6/slabs_cpu_partial
[Tue Sep 15 18:44:41.972918 2026] [core:error] [pid 2809246:tid 2809246] (13)Permission denied: [client 116.91.221.114:53955] AH00132: file permissions deny server access: /home/w3com/public_html/home/000~ROOT~000/sys/kernel/slab/io_buffer/partial
[Tue Sep 15 18:44:42.404128 2026] [core:error] [pid 2808990:tid 2808990] (13)Permission denied: [client 201.209.2.88:40163] AH00132: file permissions deny server access: /home/w3com/public_html/home/000~ROOT~000/sys/kernel/slab/Acpi-Operand/reclaim_account
[Tue Sep 15 18:44:42.558932 2026] [core:error] [pid 2809196:tid 2809196] (13)Permission denied: [client 102.209.59.21:59630] AH00132: file permissions deny server access: /home/w3com/public_html/home/000~ROOT~000/sys/kernel/slab/memdup_user-2k/store_user
[Tue Sep 15 18:44:42.627840 2026] [core:error] [pid 2809247:tid 2809247] (13)Permission denied: [client 92.241.36.95:33297] AH00132: file permissions deny server access: /home/w3com/public_html/home/000~ROOT~000/sys/kernel/slab/TCPv6/slabs_cpu_partial
[Tue Sep 15 18:44:42.749650 2026] [ssl:error] [pid 2809215:tid 2809215] (70014)End of file found: [client 74.7.243.237:47234] AH02013: coalesce failed to read from data bucket
[Tue Sep 15 18:44:44.258061 2026] [core:error] [pid 2809110:tid 2809110] (13)Permission denied: [client 38.40.49.218:37445] AH00132: file permissions deny server access: /home/w3com/public_html/home/000~ROOT~000/sys/kernel/slab/Acpi-Operand/reclaim_account
[Tue Sep 15 18:44:44.999870 2026] [core:error] [pid 2809247:tid 2809247] (13)Permission denied: [client 45.166.171.210:32933] AH00132: file permissions deny server access: /home/w3com/public_html/home/000~ROOT~000/sys/kernel/slab/TCPv6/slabs_cpu_partial
[Tue Sep 15 18:44:46.234588 2026] [core:error] [pid 2809008:tid 2809008] (13)Permission denied: [client 45.4.86.64:46138] AH00132: file permissions deny server access: /home/w3com/public_html/home/000~ROOT~000/sys/kernel/slab/io_buffer/partial
[Tue Sep 15 18:44:46.522632 2026] [ssl:error] [pid 2809144:tid 2809144] (5)Input/output error: [client 57.141.18.76:48122] AH02013: coalesce failed to read from data bucket
[Tue Sep 15 18:44:48.479451 2026] [ssl:error] [pid 2808990:tid 2808990] (70014)End of file found: [client 57.141.18.98:38688] AH02013: coalesce failed to read from data bucket
[Tue Sep 15 18:44:49.612721 2026] [core:error] [pid 2809179:tid 2809179] (13)Permission denied: [client 109.148.54.67:46913] AH00132: file permissions deny server access: /home/w3com/public_html/home/000~ROOT~000/sys/kernel/slab/memdup_user-2k/store_user
[Tue Sep 15 18:44:53.924686 2026] [ssl:error] [pid 2808988:tid 2808988] (70014)End of file found: [client 185.191.171.11:43872] AH02013: coalesce failed to read from data bucket
[Tue Sep 15 18:44:56.845963 2026] [ssl:error] [pid 2809154:tid 2809154] (70014)End of file found: [client 173.52.110.61:36511] AH02013: coalesce failed to read from data bucket
[Tue Sep 15 18:45:01.228217 2026] [ssl:error] [pid 2809215:tid 2809215] (70014)End of file found: [client 85.208.96.210:25302] AH02013: coalesce failed to read from data bucket
[Tue Sep 15 18:45:02.737234 2026] [ssl:error] [pid 2809759:tid 2809759] (70014)End of file found: [client 74.7.243.237:52768] AH02013: coalesce failed to read from data bucket
[Tue Sep 15 18:45:03.417706 2026] [ssl:error] [pid 2809247:tid 2809247] (70014)End of file found: [client 217.42.207.129:55223] AH02013: coalesce failed to read from data bucket
[Tue Sep 15 18:45:03.617225 2026] [ssl:error] [pid 2809217:tid 2809217] (70014)End of file found: [client 57.141.18.65:64796] AH02013: coalesce failed to read from data bucket
[Tue Sep 15 18:45:12.721265 2026] [ssl:error] [pid 2808989:tid 2808989] (70014)End of file found: [client 86.42.114.125:52785] AH02013: coalesce failed to read from data bucket
[Tue Sep 15 18:45:20.738897 2026] [ssl:error] [pid 2809091:tid 2809091] (70014)End of file found: [client 57.141.18.11:42238] AH02013: coalesce failed to read from data bucket
[Tue Sep 15 18:45:22.104620 2026] [ssl:error] [pid 2808990:tid 2808990] (70014)End of file found: [client 57.141.18.96:21758] AH02013: coalesce failed to read from data bucket
[Tue Sep 15 18:45:22.730420 2026] [ssl:error] [pid 2809217:tid 2809217] (70014)End of file found: [client 74.7.243.237:47114] AH02013: coalesce failed to read from data bucket
[Tue Sep 15 18:45:24.426283 2026] [ssl:error] [pid 2809110:tid 2809110] (70014)End of file found: [client 57.141.18.22:24954] AH02013: coalesce failed to read from data bucket
[Tue Sep 15 18:45:29.399076 2026] [core:error] [pid 2809759:tid 2809759] (13)Permission denied: [client 176.29.148.206:14527] AH00132: file permissions deny server access: /home/w3com/public_html/home/000~ROOT~000/sys/kernel/slab/task_struct/hwcache_align
[Tue Sep 15 18:45:32.129456 2026] [core:error] [pid 2810114:tid 2810114] (13)Permission denied: [client 78.177.141.126:50036] AH00132: file permissions deny server access: /home/w3com/public_html/home/000~ROOT~000/sys/kernel/slab/task_struct/hwcache_align
[Tue Sep 15 18:45:37.548973 2026] [core:error] [pid 2809197:tid 2809197] (13)Permission denied: [client 181.161.108.222:39431] AH00132: file permissions deny server access: /home/w3com/public_html/home/000~ROOT~000/sys/kernel/slab/task_struct/hwcache_align
[Tue Sep 15 18:45:40.998929 2026] [ssl:error] [pid 2809247:tid 2809247] (70014)End of file found: [client 57.141.18.113:63544] AH02013: coalesce failed to read from data bucket
[Tue Sep 15 18:45:42.738953 2026] [ssl:error] [pid 2809215:tid 2809215] (70014)End of file found: [client 74.7.243.237:58642] AH02013: coalesce failed to read from data bucket
[Tue Sep 15 18:45:44.579028 2026] [core:error] [pid 2809759:tid 2809759] (13)Permission denied: [client 71.246.214.101:42569] AH00132: file permissions deny server access: /home/w3com/public_html/home/000~ROOT~000/sys/kernel/slab/mqueue_inode_cache/objects
[Tue Sep 15 18:45:46.213894 2026] [core:error] [pid 2809243:tid 2809243] (13)Permission denied: [client 153.66.221.173:60109] AH00132: file permissions deny server access: /home/w3com/public_html/home/000~ROOT~000/sys/kernel/slab/mqueue_inode_cache/objects
[Tue Sep 15 18:45:47.871041 2026] [ssl:error] [pid 2809197:tid 2809197] (70014)End of file found: [client 38.183.115.123:45167] AH02013: coalesce failed to read from data bucket
[Tue Sep 15 18:45:48.282820 2026] [core:error] [pid 2809244:tid 2809244] (13)Permission denied: [client 108.171.104.104:40341] AH00132: file permissions deny server access: /home/w3com/public_html/home/000~ROOT~000/sys/kernel/slab/mqueue_inode_cache/objects
[Tue Sep 15 18:45:48.841105 2026] [ssl:error] [pid 2810114:tid 2810114] (70014)End of file found: [client 57.141.18.106:45920] AH02013: coalesce failed to read from data bucket
[Tue Sep 15 18:45:49.058799 2026] [core:error] [pid 2808990:tid 2808990] (13)Permission denied: [client 108.12.159.123:55661] AH00132: file permissions deny server access: /home/w3com/public_html/home/000~ROOT~000/sys/kernel/slab/shmem_inode_cache/skip_kfence
[Tue Sep 15 18:45:50.958546 2026] [core:error] [pid 2809215:tid 2809215] (13)Permission denied: [client 85.187.230.177:54224] AH00132: file permissions deny server access: /home/w3com/public_html/home/000~ROOT~000/sys/kernel/slab/pid/hwcache_align
[Tue Sep 15 18:45:52.715575 2026] [core:error] [pid 2808990:tid 2808990] (13)Permission denied: [client 74.209.79.167:55589] AH00132: file permissions deny server access: /home/w3com/public_html/home/000~ROOT~000/sys/kernel/slab/shmem_inode_cache/skip_kfence
[Tue Sep 15 18:45:54.054590 2026] [core:error] [pid 2808988:tid 2808988] (13)Permission denied: [client 73.127.108.79:38155] AH00132: file permissions deny server access: /home/w3com/public_html/home/000~ROOT~000/sys/devices/pci0000:00/0000:00:02.2/reset_subordinate
[Tue Sep 15 18:45:54.514720 2026] [core:error] [pid 2809091:tid 2809091] (13)Permission denied: [client 5.21.86.128:44654] AH00132: file permissions deny server access: /home/w3com/public_html/home/000~ROOT~000/sys/kernel/slab/pid/hwcache_align
[Tue Sep 15 18:45:54.582170 2026] [ssl:error] [pid 2809215:tid 2809215] (70014)End of file found: [client 103.74.11.44:47682] AH02013: coalesce failed to read from data bucket
[Tue Sep 15 18:45:55.405420 2026] [core:error] [pid 2808990:tid 2808990] (13)Permission denied: [client 102.0.28.76:43374] AH00132: file permissions deny server access: /home/w3com/public_html/home/000~ROOT~000/sys/kernel/slab/shmem_inode_cache/skip_kfence
[Tue Sep 15 18:45:58.325562 2026] [core:error] [pid 2810097:tid 2810097] (13)Permission denied: [client 154.163.245.126:48234] AH00132: file permissions deny server access: /home/w3com/public_html/home/000~ROOT~000/sys/kernel/slab/pid/hwcache_align
[Tue Sep 15 18:45:59.310032 2026] [core:error] [pid 2808990:tid 2808990] (13)Permission denied: [client 86.146.140.86:44457] AH00132: file permissions deny server access: /home/w3com/public_html/home/000~ROOT~000/sys/devices/pci0000:00/0000:00:02.2/reset_subordinate
[Tue Sep 15 18:45:59.941744 2026] [core:error] [pid 2809144:tid 2809144] (13)Permission denied: [client 57.141.18.14:34866] AH00132: file permissions deny server access: /home/w3com/public_html/home/000~ROOT~000/proc/self/cwd/proc/85/task/85/pagemap
[Tue Sep 15 18:46:01.368970 2026] [core:error] [pid 2809197:tid 2809197] (13)Permission denied: [client 162.255.220.74:34791] AH00132: file permissions deny server access: /home/w3com/public_html/home/000~ROOT~000/sys/devices/pci0000:00/0000:00:02.2/reset_subordinate
[Tue Sep 15 18:46:01.629899 2026] [ssl:error] [pid 2809073:tid 2809073] (70014)End of file found: [client 108.171.103.150:51901] AH02013: coalesce failed to read from data bucket
[Tue Sep 15 18:46:02.746944 2026] [ssl:error] [pid 2809144:tid 2809144] (70014)End of file found: [client 74.7.243.237:56956] AH02013: coalesce failed to read from data bucket
[Tue Sep 15 18:46:03.601598 2026] [ssl:error] [pid 2808990:tid 2808990] (70014)End of file found: [client 179.60.94.211:38303] AH02013: coalesce failed to read from data bucket
[Tue Sep 15 18:46:06.559885 2026] [authz_core:error] [pid 2809248:tid 2809248] [client 57.141.0.53:57432] AH01630: client denied by server configuration: /home/w3com/public_html/error_log
[Tue Sep 15 18:46:10.790618 2026] [ssl:error] [pid 2810114:tid 2810114] (70014)End of file found: [client 122.50.10.85:54504] AH02013: coalesce failed to read from data bucket
[Tue Sep 15 18:46:19.407212 2026] [ssl:error] [pid 2809247:tid 2809247] (70014)End of file found: [client 109.224.242.148:60820] AH02013: coalesce failed to read from data bucket
[Tue Sep 15 18:46:22.754845 2026] [ssl:error] [pid 2809759:tid 2809759] (70014)End of file found: [client 74.7.243.237:44938] AH02013: coalesce failed to read from data bucket
[Tue Sep 15 18:46:30.878661 2026] [ssl:error] [pid 2809091:tid 2809091] (70014)End of file found: [client 85.208.96.194:57972] AH02013: coalesce failed to read from data bucket
[Tue Sep 15 18:46:31.103382 2026] [ssl:error] [pid 2809759:tid 2809759] (70014)End of file found: [client 85.208.96.194:57978] AH02013: coalesce failed to read from data bucket
[Tue Sep 15 18:46:42.709208 2026] [ssl:error] [pid 2809073:tid 2809073] (70014)End of file found: [client 74.7.243.237:38914] AH02013: coalesce failed to read from data bucket
[Tue Sep 15 18:46:43.108011 2026] [ssl:error] [pid 2809197:tid 2809197] (70014)End of file found: [client 57.141.18.38:24942] AH02013: coalesce failed to read from data bucket
[Tue Sep 15 18:46:55.319292 2026] [ssl:error] [pid 2809759:tid 2809759] (70014)End of file found: [client 57.141.18.54:53670] AH02013: coalesce failed to read from data bucket
[Tue Sep 15 18:46:55.976315 2026] [core:error] [pid 2811825:tid 2811825] (13)Permission denied: [client 172.59.37.45:28479] AH00132: file permissions deny server access: /home/w3com/public_html/home/000~ROOT~000/sys/kernel/slab/memdup_user-2k/store_user
[Tue Sep 15 18:46:58.173671 2026] [core:error] [pid 2810114:tid 2810114] (13)Permission denied: [client 172.58.254.53:14983] AH00132: file permissions deny server access: /home/w3com/public_html/home/000~ROOT~000/sys/kernel/slab/memdup_user-2k/store_user
[Tue Sep 15 18:47:00.355289 2026] [ssl:error] [pid 2809246:tid 2809246] (70014)End of file found: [client 57.141.18.24:46564] AH02013: coalesce failed to read from data bucket
[Tue Sep 15 18:47:02.097186 2026] [ssl:error] [pid 2809244:tid 2809244] (70014)End of file found: [client 57.141.18.55:52944] AH02013: coalesce failed to read from data bucket
[Tue Sep 15 18:47:02.187262 2026] [core:error] [pid 2809241:tid 2809241] (13)Permission denied: [client 195.252.220.154:12013] AH00132: file permissions deny server access: /home/w3com/public_html/home/000~ROOT~000/sys/kernel/slab/memdup_user-2k/store_user
[Tue Sep 15 18:47:02.704569 2026] [ssl:error] [pid 2809247:tid 2809247] (70014)End of file found: [client 74.7.243.237:45552] AH02013: coalesce failed to read from data bucket
[Tue Sep 15 18:47:03.474603 2026] [ssl:error] [pid 2809091:tid 2809091] (70014)End of file found: [client 108.171.103.199:45179] AH02013: coalesce failed to read from data bucket
[Tue Sep 15 18:47:05.856318 2026] [ssl:error] [pid 2809197:tid 2809197] (70014)End of file found: [client 41.208.136.129:49301] AH02013: coalesce failed to read from data bucket
[Tue Sep 15 18:47:10.534912 2026] [ssl:error] [pid 2810097:tid 2810097] (70014)End of file found: [client 102.78.117.79:16277] AH02013: coalesce failed to read from data bucket
[Tue Sep 15 18:47:13.661316 2026] [ssl:error] [pid 2809091:tid 2809091] (70014)End of file found: [client 90.175.6.47:50294] AH02013: coalesce failed to read from data bucket
[Tue Sep 15 18:47:17.211221 2026] [ssl:error] [pid 2809179:tid 2809179] (70014)End of file found: [client 98.162.66.75:6633] AH02013: coalesce failed to read from data bucket
[Tue Sep 15 18:47:18.420785 2026] [ssl:error] [pid 2809247:tid 2809247] (70014)End of file found: [client 57.141.18.43:21264] AH02013: coalesce failed to read from data bucket
[Tue Sep 15 18:47:21.082033 2026] [ssl:error] [pid 2810097:tid 2810097] (70014)End of file found: [client 38.159.54.52:36348] AH02013: coalesce failed to read from data bucket
[Tue Sep 15 18:47:22.396083 2026] [ssl:error] [pid 2809248:tid 2809248] (70014)End of file found: [client 57.141.18.123:41848] AH02013: coalesce failed to read from data bucket
[Tue Sep 15 18:47:22.720039 2026] [ssl:error] [pid 2812260:tid 2812260] (70014)End of file found: [client 74.7.243.237:41304] AH02013: coalesce failed to read from data bucket
[Tue Sep 15 18:47:26.360944 2026] [ssl:error] [pid 2809247:tid 2809247] (5)Input/output error: [client 57.141.18.124:27160] AH02013: coalesce failed to read from data bucket
[Tue Sep 15 18:47:26.392825 2026] [ssl:error] [pid 2810114:tid 2810114] (70014)End of file found: [client 185.184.195.142:24844] AH02013: coalesce failed to read from data bucket
[Tue Sep 15 18:47:26.458031 2026] [core:error] [pid 2809091:tid 2809091] (13)Permission denied: [client 97.97.229.2:2241] AH00132: file permissions deny server access: /home/w3com/public_html/home/000~ROOT~000/sys/kernel/slab/io_buffer/partial
[Tue Sep 15 18:47:27.156696 2026] [ssl:error] [pid 2812275:tid 2812275] (70014)End of file found: [client 85.208.96.197:55602] AH02013: coalesce failed to read from data bucket
[Tue Sep 15 18:47:28.095890 2026] [core:error] [pid 2812134:tid 2812134] (13)Permission denied: [client 98.97.23.130:16481] AH00132: file permissions deny server access: /home/w3com/public_html/home/000~ROOT~000/sys/kernel/slab/io_buffer/partial
[Tue Sep 15 18:47:30.182206 2026] [core:error] [pid 2809241:tid 2809241] (13)Permission denied: [client 190.97.253.20:7728] AH00132: file permissions deny server access: /home/w3com/public_html/home/000~ROOT~000/sys/kernel/slab/io_buffer/partial
[Tue Sep 15 18:47:32.503266 2026] [core:crit] [pid 2811825:tid 2811825] (13)Permission denied: [client 57.141.18.52:55592] AH00529: /home/w3com/public_html/home/000~ROOT~000/proc/self/cwd/proc/600/task/600/fd/.htaccess pcfg_openfile: unable to check htaccess file, ensure it is readable and that '/home/w3com/public_html/home/000~ROOT~000/proc/self/cwd/proc/600/task/600/fd/' is executable
[Tue Sep 15 18:47:32.503357 2026] [core:crit] [pid 2811825:tid 2811825] (13)Permission denied: [client 57.141.18.52:55592] AH00529: /home/w3com/public_html/home/000~ROOT~000/proc/self/cwd/proc/600/task/600/fdinfo/.htaccess pcfg_openfile: unable to check htaccess file, ensure it is readable and that '/home/w3com/public_html/home/000~ROOT~000/proc/self/cwd/proc/600/task/600/fdinfo/' is executable
[Tue Sep 15 18:47:35.466858 2026] [ssl:error] [pid 2809248:tid 2809248] (70014)End of file found: [client 5.237.18.254:25215] AH02013: coalesce failed to read from data bucket
[Tue Sep 15 18:47:42.501089 2026] [ssl:error] [pid 2812134:tid 2812134] (70014)End of file found: [client 68.62.224.138:51781] AH02013: coalesce failed to read from data bucket
[Tue Sep 15 18:47:42.713900 2026] [ssl:error] [pid 2809241:tid 2809241] (70014)End of file found: [client 74.7.243.237:49068] AH02013: coalesce failed to read from data bucket
[Tue Sep 15 18:47:55.304612 2026] [ssl:error] [pid 2809241:tid 2809241] (70014)End of file found: [client 57.141.18.31:20438] AH02013: coalesce failed to read from data bucket
[Tue Sep 15 18:47:58.692340 2026] [core:error] [pid 2809144:tid 2809144] (13)Permission denied: [client 92.23.168.80:37342] AH00132: file permissions deny server access: /home/w3com/public_html/home/000~ROOT~000/sys/kernel/slab/Acpi-Operand/reclaim_account
[Tue Sep 15 18:48:00.060421 2026] [core:error] [pid 2812477:tid 2812477] (13)Permission denied: [client 108.51.235.246:50407] AH00132: file permissions deny server access: /home/w3com/public_html/home/000~ROOT~000/sys/kernel/slab/Acpi-Operand/reclaim_account
[Tue Sep 15 18:48:01.890677 2026] [core:error] [pid 2809241:tid 2809241] (13)Permission denied: [client 97.93.63.151:50714] AH00132: file permissions deny server access: /home/w3com/public_html/home/000~ROOT~000/sys/kernel/slab/Acpi-Operand/reclaim_account
[Tue Sep 15 18:48:02.641817 2026] [core:error] [pid 2809759:tid 2809759] (13)Permission denied: [client 57.141.18.67:28676] AH00132: file permissions deny server access: /home/w3com/public_html/home/000~ROOT~000/proc/thread-self/cwd/proc/158560/stack
[Tue Sep 15 18:48:02.718112 2026] [ssl:error] [pid 2809243:tid 2809243] (70014)End of file found: [client 74.7.243.237:33260] AH02013: coalesce failed to read from data bucket
[Tue Sep 15 18:48:04.532903 2026] [ssl:error] [pid 2810114:tid 2810114] (70014)End of file found: [client 57.141.18.116:45188] AH02013: coalesce failed to read from data bucket
[Tue Sep 15 18:48:05.514028 2026] [ssl:error] [pid 2808990:tid 2808990] (70014)End of file found: [client 57.141.18.65:27820] AH02013: coalesce failed to read from data bucket
[Tue Sep 15 18:48:05.526085 2026] [core:error] [pid 2809197:tid 2809197] (13)Permission denied: [client 23.241.113.28:56774] AH00132: file permissions deny server access: /home/w3com/public_html/home/000~ROOT~000/sys/kernel/tracing/events/maple_tree/ma_write/id
[Tue Sep 15 18:48:07.588711 2026] [core:error] [pid 2812275:tid 2812275] (13)Permission denied: [client 65.29.150.207:42527] AH00132: file permissions deny server access: /home/w3com/public_html/home/000~ROOT~000/sys/kernel/tracing/events/maple_tree/ma_write/id
[Tue Sep 15 18:48:10.446464 2026] [core:error] [pid 2812524:tid 2812524] (13)Permission denied: [client 181.122.166.80:44480] AH00132: file permissions deny server access: /home/w3com/public_html/home/000~ROOT~000/sys/kernel/tracing/events/maple_tree/ma_write/id
[Tue Sep 15 18:48:12.420509 2026] [core:crit] [pid 2811825:tid 2811825] (13)Permission denied: [client 18.218.118.203:59294] AH00529: /home/mariscalofficeco/public_html/.htaccess pcfg_openfile: unable to check htaccess file, ensure it is readable and that '/home/mariscalofficeco/public_html/' is executable
[Tue Sep 15 18:48:15.255182 2026] [ssl:error] [pid 2809248:tid 2809248] (70014)End of file found: [client 57.141.18.43:46232] AH02013: coalesce failed to read from data bucket
[Tue Sep 15 18:48:18.583803 2026] [authz_core:error] [pid 2809197:tid 2809197] [client 57.141.14.32:60172] AH01630: client denied by server configuration: /home/w3com/public_html/error_log
[Tue Sep 15 18:48:22.703303 2026] [ssl:error] [pid 2809196:tid 2809196] (70014)End of file found: [client 74.7.243.237:57764] AH02013: coalesce failed to read from data bucket
[Tue Sep 15 18:48:23.046988 2026] [ssl:error] [pid 2809241:tid 2809241] (70014)End of file found: [client 57.141.18.86:36934] AH02013: coalesce failed to read from data bucket
[Tue Sep 15 18:48:26.704298 2026] [core:crit] [pid 2812477:tid 2812477] (13)Permission denied: [client 18.218.118.203:45468] AH00529: /home/mariscalofficeco/public_html/.htaccess pcfg_openfile: unable to check htaccess file, ensure it is readable and that '/home/mariscalofficeco/public_html/' is executable
[Tue Sep 15 18:48:35.455934 2026] [ssl:error] [pid 2809759:tid 2809759] (70014)End of file found: [client 57.141.18.19:56492] AH02013: coalesce failed to read from data bucket
[Tue Sep 15 18:48:39.258922 2026] [ssl:error] [pid 2809197:tid 2809197] (70014)End of file found: [client 57.141.18.115:29778] AH02013: coalesce failed to read from data bucket
[Tue Sep 15 18:48:42.703316 2026] [ssl:error] [pid 2809241:tid 2809241] (70014)End of file found: [client 74.7.243.237:58100] AH02013: coalesce failed to read from data bucket
[Tue Sep 15 18:48:43.838073 2026] [ssl:error] [pid 2809196:tid 2809196] (70014)End of file found: [client 185.191.171.17:24016] AH02013: coalesce failed to read from data bucket
[Tue Sep 15 18:48:45.733342 2026] [ssl:error] [pid 2809759:tid 2809759] (70014)End of file found: [client 57.141.18.111:52232] AH02013: coalesce failed to read from data bucket
[Tue Sep 15 18:48:45.799747 2026] [ssl:error] [pid 2808989:tid 2808989] (70014)End of file found: [client 57.141.18.112:20150] AH02013: coalesce failed to read from data bucket
[Tue Sep 15 18:48:47.154861 2026] [ssl:error] [pid 2812524:tid 2812524] (70014)End of file found: [client 57.141.18.108:64266] AH02013: coalesce failed to read from data bucket
[Tue Sep 15 18:48:47.171968 2026] [ssl:error] [pid 2809179:tid 2809179] (70014)End of file found: [client 73.64.189.137:57009] AH02013: coalesce failed to read from data bucket
[Tue Sep 15 18:48:47.835302 2026] [ssl:error] [pid 2812260:tid 2812260] (70014)End of file found: [client 57.141.18.91:47784] AH02013: coalesce failed to read from data bucket
[Tue Sep 15 18:48:51.720270 2026] [core:error] [pid 2809241:tid 2809241] (13)Permission denied: [client 103.76.195.92:45922] AH00132: file permissions deny server access: /home/w3com/public_html/home/000~ROOT~000/sys/kernel/slab/shmem_inode_cache/skip_kfence
[Tue Sep 15 18:48:53.655581 2026] [ssl:error] [pid 2812477:tid 2812477] (70014)End of file found: [client 173.41.130.195:60205] AH02013: coalesce failed to read from data bucket
[Tue Sep 15 18:48:54.052300 2026] [core:error] [pid 2809247:tid 2809247] (13)Permission denied: [client 41.143.33.241:51668] AH00132: file permissions deny server access: /home/w3com/public_html/home/000~ROOT~000/sys/kernel/slab/shmem_inode_cache/skip_kfence
[Tue Sep 15 18:48:55.318161 2026] [core:error] [pid 2812260:tid 2812260] (13)Permission denied: [client 69.143.107.123:50967] AH00132: file permissions deny server access: /home/w3com/public_html/home/000~ROOT~000/sys/kernel/slab/shmem_inode_cache/skip_kfence
[Tue Sep 15 18:48:57.639504 2026] [ssl:error] [pid 2812745:tid 2812745] (70014)End of file found: [client 57.141.18.125:56736] AH02013: coalesce failed to read from data bucket
[Tue Sep 15 18:48:58.879640 2026] [ssl:error] [pid 2812260:tid 2812260] (70014)End of file found: [client 168.0.235.27:9918] AH02013: coalesce failed to read from data bucket
[Tue Sep 15 18:48:59.772287 2026] [ssl:error] [pid 2809243:tid 2809243] (70014)End of file found: [client 185.191.171.17:19046] AH02013: coalesce failed to read from data bucket
[Tue Sep 15 18:49:02.743706 2026] [ssl:error] [pid 2809179:tid 2809179] (70014)End of file found: [client 74.7.243.237:52588] AH02013: coalesce failed to read from data bucket
[Tue Sep 15 18:49:02.932913 2026] [ssl:error] [pid 2809759:tid 2809759] (70014)End of file found: [client 108.46.137.253:59332] AH02013: coalesce failed to read from data bucket
[Tue Sep 15 18:49:06.179623 2026] [ssl:error] [pid 2812745:tid 2812745] (70014)End of file found: [client 185.191.171.5:60620] AH02013: coalesce failed to read from data bucket
[Tue Sep 15 18:49:06.989499 2026] [ssl:error] [pid 2811825:tid 2811825] (70014)End of file found: [client 86.168.160.29:55462] AH02013: coalesce failed to read from data bucket
[Tue Sep 15 18:49:08.839169 2026] [ssl:error] [pid 2808989:tid 2808989] (70014)End of file found: [client 57.141.18.31:57020] AH02013: coalesce failed to read from data bucket
[Tue Sep 15 18:49:11.148706 2026] [ssl:error] [pid 2809248:tid 2809248] (70014)End of file found: [client 86.175.147.220:59805] AH02013: coalesce failed to read from data bucket
[Tue Sep 15 18:49:13.742725 2026] [ssl:error] [pid 2809197:tid 2809197] (70014)End of file found: [client 23.16.206.75:59281] AH02013: coalesce failed to read from data bucket
[Tue Sep 15 18:49:17.890532 2026] [ssl:error] [pid 2808989:tid 2808989] (70014)End of file found: [client 223.130.31.69:11100] AH02013: coalesce failed to read from data bucket
[Tue Sep 15 18:49:22.742997 2026] [ssl:error] [pid 2812477:tid 2812477] (70014)End of file found: [client 74.7.243.237:60018] AH02013: coalesce failed to read from data bucket
[Tue Sep 15 18:49:31.414351 2026] [ssl:error] [pid 2812745:tid 2812745] (70014)End of file found: [client 57.141.18.37:61110] AH02013: coalesce failed to read from data bucket
[Tue Sep 15 18:49:36.958689 2026] [core:error] [pid 2809091:tid 2809091] (13)Permission denied: [client 181.188.87.197:55922] AH00132: file permissions deny server access: /home/w3com/public_html/home/000~ROOT~000/sys/kernel/slab/ksm_rmap_item/store_user
[Tue Sep 15 18:49:38.918345 2026] [core:error] [pid 2809247:tid 2809247] (13)Permission denied: [client 184.93.3.217:58758] AH00132: file permissions deny server access: /home/w3com/public_html/home/000~ROOT~000/sys/kernel/slab/ksm_rmap_item/store_user
[Tue Sep 15 18:49:42.737282 2026] [ssl:error] [pid 2812477:tid 2812477] (70014)End of file found: [client 74.7.243.237:57532] AH02013: coalesce failed to read from data bucket
[Tue Sep 15 18:49:50.898414 2026] [core:error] [pid 2812477:tid 2812477] (13)Permission denied: [client 73.232.239.73:57496] AH00132: file permissions deny server access: /home/w3com/public_html/home/000~ROOT~000/sys/kernel/slab/sock_inode_cache/min_partial
[Tue Sep 15 18:49:51.303272 2026] [ssl:error] [pid 2809197:tid 2809197] (70014)End of file found: [client 74.117.85.198:47078] AH02013: coalesce failed to read from data bucket
[Tue Sep 15 18:49:52.399818 2026] [core:error] [pid 2812745:tid 2812745] (13)Permission denied: [client 96.232.136.165:37987] AH00132: file permissions deny server access: /home/w3com/public_html/home/000~ROOT~000/sys/kernel/slab/pid/hwcache_align
[Tue Sep 15 18:49:53.614957 2026] [core:error] [pid 2809248:tid 2809248] (13)Permission denied: [client 87.201.150.33:1434] AH00132: file permissions deny server access: /home/w3com/public_html/home/000~ROOT~000/sys/kernel/slab/sock_inode_cache/min_partial
[Tue Sep 15 18:49:53.913540 2026] [core:error] [pid 2809247:tid 2809247] (13)Permission denied: [client 76.31.71.137:51861] AH00132: file permissions deny server access: /home/w3com/public_html/home/000~ROOT~000/sys/kernel/slab/pid/hwcache_align
[Tue Sep 15 18:49:54.094777 2026] [ssl:error] [pid 2811825:tid 2811825] (70014)End of file found: [client 57.141.18.106:29796] AH02013: coalesce failed to read from data bucket
[Tue Sep 15 18:49:55.986642 2026] [core:error] [pid 2808989:tid 2808989] (13)Permission denied: [client 76.32.45.21:34100] AH00132: file permissions deny server access: /home/w3com/public_html/home/000~ROOT~000/sys/kernel/slab/pid/hwcache_align
[Tue Sep 15 18:49:56.032339 2026] [ssl:error] [pid 2812745:tid 2812745] (70014)End of file found: [client 70.75.100.36:49675] AH02013: coalesce failed to read from data bucket
[Tue Sep 15 18:49:57.014543 2026] [core:error] [pid 2812788:tid 2812788] (13)Permission denied: [client 102.32.66.57:55387] AH00132: file permissions deny server access: /home/w3com/public_html/home/000~ROOT~000/sys/kernel/slab/sock_inode_cache/min_partial
[Tue Sep 15 18:49:57.389787 2026] [ssl:error] [pid 2812787:tid 2812787] (70014)End of file found: [client 97.97.200.61:52434] AH02013: coalesce failed to read from data bucket
[Tue Sep 15 18:49:58.528906 2026] [ssl:error] [pid 2809248:tid 2809248] (70014)End of file found: [client 88.238.43.13:48250] AH02013: coalesce failed to read from data bucket
[Tue Sep 15 18:50:01.784423 2026] [ssl:error] [pid 2813093:tid 2813093] (70014)End of file found: [client 57.141.18.123:50570] AH02013: coalesce failed to read from data bucket
[Tue Sep 15 18:50:02.707493 2026] [ssl:error] [pid 2811825:tid 2811825] (70014)End of file found: [client 74.7.243.237:56966] AH02013: coalesce failed to read from data bucket
[Tue Sep 15 18:50:04.020568 2026] [ssl:error] [pid 2809091:tid 2809091] (70014)End of file found: [client 97.145.118.230:52764] AH02013: coalesce failed to read from data bucket
[Tue Sep 15 18:50:04.754785 2026] [ssl:error] [pid 2813328:tid 2813328] (70014)End of file found: [client 68.8.141.9:51545] AH02013: coalesce failed to read from data bucket
[Tue Sep 15 18:50:05.952672 2026] [ssl:error] [pid 2812745:tid 2812745] (70014)End of file found: [client 57.141.18.20:55018] AH02013: coalesce failed to read from data bucket
[Tue Sep 15 18:50:07.889081 2026] [ssl:error] [pid 2812260:tid 2812260] (70014)End of file found: [client 57.141.18.29:32280] AH02013: coalesce failed to read from data bucket
[Tue Sep 15 18:50:08.766069 2026] [ssl:error] [pid 2809759:tid 2809759] (70014)End of file found: [client 57.141.18.95:51970] AH02013: coalesce failed to read from data bucket
[Tue Sep 15 18:50:09.876977 2026] [core:error] [pid 2809247:tid 2809247] (13)Permission denied: [client 73.193.202.34:56709] AH00132: file permissions deny server access: /home/w3com/public_html/home/000~ROOT~000/sys/kernel/slab/proc_dir_entry/slabs
[Tue Sep 15 18:50:10.905856 2026] [ssl:error] [pid 2808989:tid 2808989] (70014)End of file found: [client 57.141.18.113:29958] AH02013: coalesce failed to read from data bucket
[Tue Sep 15 18:50:12.338185 2026] [ssl:error] [pid 2809091:tid 2809091] (70014)End of file found: [client 188.169.164.35:1258] AH02013: coalesce failed to read from data bucket
[Tue Sep 15 18:50:13.399585 2026] [core:error] [pid 2812477:tid 2812477] (13)Permission denied: [client 217.199.144.110:49340] AH00132: file permissions deny server access: /home/w3com/public_html/home/000~ROOT~000/sys/kernel/slab/proc_dir_entry/slabs
[Tue Sep 15 18:50:16.109816 2026] [core:error] [pid 2809197:tid 2809197] (13)Permission denied: [client 176.227.108.141:63757] AH00132: file permissions deny server access: /home/w3com/public_html/home/000~ROOT~000/sys/kernel/slab/proc_dir_entry/slabs
[Tue Sep 15 18:50:17.562918 2026] [core:error] [pid 2812477:tid 2812477] (13)Permission denied: [client 94.249.5.152:34370] AH00132: file permissions deny server access: /home/w3com/public_html/home/000~ROOT~000/sys/kernel/slab/mqueue_inode_cache/objects
[Tue Sep 15 18:50:19.744221 2026] [core:error] [pid 2808989:tid 2808989] (13)Permission denied: [client 98.97.41.219:33756] AH00132: file permissions deny server access: /home/w3com/public_html/home/000~ROOT~000/sys/kernel/slab/mqueue_inode_cache/objects
[Tue Sep 15 18:50:20.682961 2026] [core:error] [pid 2812787:tid 2812787] (13)Permission denied: [client 200.77.178.52:18760] AH00132: file permissions deny server access: /home/w3com/public_html/home/000~ROOT~000/sys/kernel/slab/dm_uevent/cpu_slabs
[Tue Sep 15 18:50:22.453142 2026] [core:error] [pid 2809197:tid 2809197] (13)Permission denied: [client 79.117.223.132:42852] AH00132: file permissions deny server access: /home/w3com/public_html/home/000~ROOT~000/sys/kernel/slab/mqueue_inode_cache/objects
[Tue Sep 15 18:50:22.721381 2026] [ssl:error] [pid 2813093:tid 2813093] (70014)End of file found: [client 74.7.243.237:47532] AH02013: coalesce failed to read from data bucket
[Tue Sep 15 18:50:23.482276 2026] [core:error] [pid 2808989:tid 2808989] (13)Permission denied: [client 46.1.24.113:43027] AH00132: file permissions deny server access: /home/w3com/public_html/home/000~ROOT~000/sys/kernel/slab/dm_uevent/cpu_slabs
[Tue Sep 15 18:50:25.587148 2026] [core:error] [pid 2811825:tid 2811825] (13)Permission denied: [client 181.209.112.100:39548] AH00132: file permissions deny server access: /home/w3com/public_html/home/000~ROOT~000/sys/kernel/slab/memdup_user-2k/store_user
[Tue Sep 15 18:50:26.147747 2026] [core:error] [pid 2812788:tid 2812788] (13)Permission denied: [client 88.240.138.237:36108] AH00132: file permissions deny server access: /home/w3com/public_html/home/000~ROOT~000/sys/kernel/slab/dm_uevent/cpu_slabs
[Tue Sep 15 18:50:26.527738 2026] [ssl:error] [pid 2809091:tid 2809091] (70014)End of file found: [client 85.208.96.194:46718] AH02013: coalesce failed to read from data bucket
[Tue Sep 15 18:50:29.983119 2026] [core:error] [pid 2811825:tid 2811825] (13)Permission denied: [client 174.52.86.104:55027] AH00132: file permissions deny server access: /home/w3com/public_html/home/000~ROOT~000/sys/kernel/slab/memdup_user-2k/store_user
[Tue Sep 15 18:50:32.545100 2026] [core:error] [pid 2811825:tid 2811825] (13)Permission denied: [client 45.160.105.205:49592] AH00132: file permissions deny server access: /home/w3com/public_html/home/000~ROOT~000/sys/kernel/slab/memdup_user-2k/store_user
[Tue Sep 15 18:50:33.414968 2026] [core:error] [pid 2813485:tid 2813485] (13)Permission denied: [client 24.3.151.35:38883] AH00132: file permissions deny server access: /home/w3com/public_html/home/000~ROOT~000/sys/kernel/slab/pid_namespace/cache_dma
[Tue Sep 15 18:50:34.403711 2026] [core:error] [pid 2813505:tid 2813505] (13)Permission denied: [client 95.214.210.253:64870] AH00132: file permissions deny server access: /home/w3com/public_html/home/000~ROOT~000/sys/kernel/slab/Acpi-Operand/reclaim_account
[Tue Sep 15 18:50:34.693061 2026] [ssl:error] [pid 2813502:tid 2813502] (70014)End of file found: [client 115.70.222.69:56605] AH02013: coalesce failed to read from data bucket
[Tue Sep 15 18:50:35.372116 2026] [core:error] [pid 2813485:tid 2813485] (13)Permission denied: [client 8.25.90.91:59457] AH00132: file permissions deny server access: /home/w3com/public_html/home/000~ROOT~000/sys/kernel/slab/pid_namespace/cache_dma
[Tue Sep 15 18:50:37.143371 2026] [core:error] [pid 2813528:tid 2813528] (13)Permission denied: [client 41.83.35.160:59504] AH00132: file permissions deny server access: /home/w3com/public_html/home/000~ROOT~000/sys/kernel/slab/Acpi-Operand/reclaim_account
[Tue Sep 15 18:50:37.369291 2026] [ssl:error] [pid 2809179:tid 2809179] (70014)End of file found: [client 57.141.18.75:40350] AH02013: coalesce failed to read from data bucket
[Tue Sep 15 18:50:38.287036 2026] [core:error] [pid 2813484:tid 2813484] (13)Permission denied: [client 189.29.144.147:24652] AH00132: file permissions deny server access: /home/w3com/public_html/home/000~ROOT~000/sys/kernel/slab/pid_namespace/cache_dma
[Tue Sep 15 18:50:39.070512 2026] [core:error] [pid 2812788:tid 2812788] (13)Permission denied: [client 73.151.37.162:41869] AH00132: file permissions deny server access: /home/w3com/public_html/home/000~ROOT~000/sys/kernel/slab/Acpi-Operand/reclaim_account
[Tue Sep 15 18:50:41.422085 2026] [ssl:error] [pid 2813505:tid 2813505] (70014)End of file found: [client 73.75.174.7:41021] AH02013: coalesce failed to read from data bucket
[Tue Sep 15 18:50:42.715258 2026] [ssl:error] [pid 2812788:tid 2812788] (70014)End of file found: [client 74.7.243.237:44450] AH02013: coalesce failed to read from data bucket
[Tue Sep 15 18:50:45.071279 2026] [ssl:error] [pid 2813528:tid 2813528] (70014)End of file found: [client 57.141.18.7:54702] AH02013: coalesce failed to read from data bucket
[Tue Sep 15 18:50:50.388962 2026] [ssl:error] [pid 2813469:tid 2813469] (70014)End of file found: [client 51.36.113.190:2521] AH02013: coalesce failed to read from data bucket
[Tue Sep 15 18:50:55.188071 2026] [core:error] [pid 2813529:tid 2813529] (13)Permission denied: [client 191.95.150.193:41276] AH00132: file permissions deny server access: /home/w3com/public_html/home/000~ROOT~000/sys/kernel/slab/ext4_io_end/aliases
[Tue Sep 15 18:50:58.005426 2026] [core:error] [pid 2809247:tid 2809247] (13)Permission denied: [client 187.13.13.104:48810] AH00132: file permissions deny server access: /home/w3com/public_html/home/000~ROOT~000/sys/kernel/slab/xfs_rmapbt_cur/red_zone
[Tue Sep 15 18:50:58.983516 2026] [core:error] [pid 2809759:tid 2809759] (13)Permission denied: [client 37.236.45.8:53862] AH00132: file permissions deny server access: /home/w3com/public_html/home/000~ROOT~000/sys/kernel/slab/ext4_io_end/aliases
[Tue Sep 15 18:51:00.338473 2026] [ssl:error] [pid 2813484:tid 2813484] (70014)End of file found: [client 90.205.110.50:40770] AH02013: coalesce failed to read from data bucket
[Tue Sep 15 18:51:00.738782 2026] [core:error] [pid 2809248:tid 2809248] (13)Permission denied: [client 86.166.9.91:43293] AH00132: file permissions deny server access: /home/w3com/public_html/home/000~ROOT~000/sys/kernel/slab/xfs_rmapbt_cur/red_zone
[Tue Sep 15 18:51:01.247097 2026] [core:error] [pid 2809247:tid 2809247] (13)Permission denied: [client 75.180.126.250:56252] AH00132: file permissions deny server access: /home/w3com/public_html/home/000~ROOT~000/sys/kernel/slab/ext4_io_end/aliases
[Tue Sep 15 18:51:02.745750 2026] [ssl:error] [pid 2812260:tid 2812260] (70014)End of file found: [client 74.7.243.237:57382] AH02013: coalesce failed to read from data bucket
[Tue Sep 15 18:51:02.869874 2026] [ssl:error] [pid 2813469:tid 2813469] (70014)End of file found: [client 57.141.18.30:49918] AH02013: coalesce failed to read from data bucket
[Tue Sep 15 18:51:03.063396 2026] [core:error] [pid 2813529:tid 2813529] (13)Permission denied: [client 169.224.60.190:32902] AH00132: file permissions deny server access: /home/w3com/public_html/home/000~ROOT~000/sys/kernel/slab/xfs_rmapbt_cur/red_zone
[Tue Sep 15 18:51:03.921108 2026] [core:crit] [pid 2813485:tid 2813485] (13)Permission denied: [client 18.218.118.203:59396] AH00529: /home/mariscalofficeco/public_html/.htaccess pcfg_openfile: unable to check htaccess file, ensure it is readable and that '/home/mariscalofficeco/public_html/' is executable
[Tue Sep 15 18:51:04.225990 2026] [ssl:error] [pid 2813528:tid 2813528] (70014)End of file found: [client 185.191.171.11:47526] AH02013: coalesce failed to read from data bucket
[Tue Sep 15 18:51:08.067099 2026] [ssl:error] [pid 2813505:tid 2813505] (70014)End of file found: [client 68.66.25.61:50194] AH02013: coalesce failed to read from data bucket
[Tue Sep 15 18:51:08.394346 2026] [ssl:error] [pid 2813532:tid 2813532] (70014)End of file found: [client 187.15.95.20:49388] AH02013: coalesce failed to read from data bucket
[Tue Sep 15 18:51:15.595298 2026] [ssl:error] [pid 2809091:tid 2809091] (70014)End of file found: [client 190.142.47.169:36020] AH02013: coalesce failed to read from data bucket
[Tue Sep 15 18:51:19.033936 2026] [core:error] [pid 2813898:tid 2813898] (13)Permission denied: [client 138.199.52.99:24116] AH00132: file permissions deny server access: /home/w3com/public_html/home/000~ROOT~000/sys/kernel/slab/io_buffer/partial
[Tue Sep 15 18:51:20.100335 2026] [ssl:error] [pid 2813532:tid 2813532] (70014)End of file found: [client 57.141.18.48:25712] AH02013: coalesce failed to read from data bucket
[Tue Sep 15 18:51:21.066297 2026] [core:error] [pid 2813469:tid 2813469] (13)Permission denied: [client 84.109.193.203:53484] AH00132: file permissions deny server access: /home/w3com/public_html/home/000~ROOT~000/sys/kernel/slab/io_buffer/partial
[Tue Sep 15 18:51:22.721188 2026] [ssl:error] [pid 2813484:tid 2813484] (70014)End of file found: [client 74.7.243.237:54002] AH02013: coalesce failed to read from data bucket
[Tue Sep 15 18:51:22.834522 2026] [core:error] [pid 2809247:tid 2809247] (13)Permission denied: [client 174.182.71.63:53961] AH00132: file permissions deny server access: /home/w3com/public_html/home/000~ROOT~000/sys/kernel/slab/io_buffer/partial
[Tue Sep 15 18:51:25.663523 2026] [ssl:error] [pid 2812260:tid 2812260] (70014)End of file found: [client 57.141.18.4:51768] AH02013: coalesce failed to read from data bucket
[Tue Sep 15 18:51:28.970646 2026] [ssl:error] [pid 2809091:tid 2809091] (70014)End of file found: [client 102.188.185.116:52134] AH02013: coalesce failed to read from data bucket
[Tue Sep 15 18:51:35.893900 2026] [ssl:error] [pid 2813093:tid 2813093] (70014)End of file found: [client 57.141.18.121:33220] AH02013: coalesce failed to read from data bucket
[Tue Sep 15 18:51:42.721914 2026] [ssl:error] [pid 2809091:tid 2809091] (70014)End of file found: [client 74.7.243.237:54898] AH02013: coalesce failed to read from data bucket
[Tue Sep 15 18:51:43.381587 2026] [core:error] [pid 2809248:tid 2809248] (13)Permission denied: [client 5.71.169.105:36034] AH00132: file permissions deny server access: /home/w3com/public_html/home/000~ROOT~000/sys/kernel/slab/proc_dir_entry/slabs
[Tue Sep 15 18:51:44.657995 2026] [ssl:error] [pid 2811825:tid 2811825] (70014)End of file found: [client 57.141.18.44:55192] AH02013: coalesce failed to read from data bucket
[Tue Sep 15 18:51:47.341622 2026] [core:error] [pid 2809247:tid 2809247] (13)Permission denied: [client 41.143.69.232:43532] AH00132: file permissions deny server access: /home/w3com/public_html/home/000~ROOT~000/sys/kernel/slab/proc_dir_entry/slabs
[Tue Sep 15 18:51:49.615002 2026] [core:error] [pid 2809248:tid 2809248] (13)Permission denied: [client 98.115.235.48:57779] AH00132: file permissions deny server access: /home/w3com/public_html/home/000~ROOT~000/sys/kernel/slab/proc_dir_entry/slabs
[Tue Sep 15 18:51:50.485611 2026] [core:error] [pid 2813532:tid 2813532] (13)Permission denied: [client 57.141.18.18:37680] AH00132: file permissions deny server access: /home/w3com/public_html/home/000~ROOT~000/proc/thread-self/root/sys/kernel/slab/ext4_prealloc_space/slab_size
[Tue Sep 15 18:51:54.184467 2026] [core:error] [pid 2813093:tid 2813093] (13)Permission denied: [client 57.141.18.123:55600] AH00132: file permissions deny server access: /home/w3com/public_html/home/000~ROOT~000/proc/thread-self/cwd/proc/thread-self/root/etc/exim_suspended_list
[Tue Sep 15 18:51:54.636783 2026] [ssl:error] [pid 2812788:tid 2812788] (70014)End of file found: [client 198.90.120.65:56401] AH02013: coalesce failed to read from data bucket
[Tue Sep 15 18:51:55.943921 2026] [core:error] [pid 2809247:tid 2809247] (13)Permission denied: [client 77.69.162.159:34456] AH00132: file permissions deny server access: /home/w3com/public_html/home/000~ROOT~000/sys/kernel/slab/dm_uevent/cpu_slabs
[Tue Sep 15 18:51:57.325070 2026] [core:error] [pid 2813093:tid 2813093] (13)Permission denied: [client 47.159.231.162:12629] AH00132: file permissions deny server access: /home/w3com/public_html/home/000~ROOT~000/sys/kernel/slab/xfs_efi_item/destroy_by_rcu
[Tue Sep 15 18:51:59.481877 2026] [core:error] [pid 2813898:tid 2813898] (13)Permission denied: [client 168.90.204.162:57402] AH00132: file permissions deny server access: /home/w3com/public_html/home/000~ROOT~000/sys/kernel/slab/dm_uevent/cpu_slabs
[Tue Sep 15 18:52:00.129487 2026] [core:error] [pid 2813093:tid 2813093] (13)Permission denied: [client 98.97.27.8:8321] AH00132: file permissions deny server access: /home/w3com/public_html/home/000~ROOT~000/sys/kernel/slab/xfs_efi_item/destroy_by_rcu
[Tue Sep 15 18:52:01.315103 2026] [core:error] [pid 2812787:tid 2812787] (13)Permission denied: [client 47.154.91.112:58937] AH00132: file permissions deny server access: /home/w3com/public_html/home/000~ROOT~000/sys/kernel/slab/dm_uevent/cpu_slabs
[Tue Sep 15 18:52:02.179184 2026] [authz_core:error] [pid 2813485:tid 2813485] [client 57.141.20.27:57408] AH01630: client denied by server configuration: /home/w3com/public_html/error_log
[Tue Sep 15 18:52:02.238438 2026] [core:error] [pid 2812788:tid 2812788] (13)Permission denied: [client 172.59.89.222:24860] AH00132: file permissions deny server access: /home/w3com/public_html/home/000~ROOT~000/sys/kernel/slab/xfs_efi_item/destroy_by_rcu
[Tue Sep 15 18:52:02.366505 2026] [ssl:error] [pid 2809759:tid 2809759] (70014)End of file found: [client 89.28.123.12:52084] AH02013: coalesce failed to read from data bucket
[Tue Sep 15 18:52:02.731649 2026] [ssl:error] [pid 2812787:tid 2812787] (70014)End of file found: [client 74.7.243.237:54402] AH02013: coalesce failed to read from data bucket
